{"id":98,"date":"2023-02-26T18:10:57","date_gmt":"2023-02-26T11:10:57","guid":{"rendered":"https:\/\/sachgiakho.com\/?post_type=product&#038;p=98"},"modified":"2023-06-17T09:26:00","modified_gmt":"2023-06-17T02:26:00","slug":"hoang-tu-be","status":"publish","type":"product","link":"https:\/\/sachgiakho.com\/index.php\/product\/hoang-tu-be\/","title":{"rendered":"Ho\u00e0ng t\u1eed b\u00e9"},"content":{"rendered":"<p><span data-sheets-value=\"{&quot;1&quot;:2,&quot;2&quot;:&quot;Ho\u00e0ng t\u1eed b\u00e9&quot;}\" data-sheets-userformat=\"{&quot;2&quot;:595,&quot;3&quot;:{&quot;1&quot;:0},&quot;4&quot;:{&quot;1&quot;:2,&quot;2&quot;:13689059},&quot;7&quot;:{&quot;1&quot;:[{&quot;1&quot;:2,&quot;2&quot;:0,&quot;5&quot;:{&quot;1&quot;:2,&quot;2&quot;:0}},{&quot;1&quot;:0,&quot;2&quot;:0,&quot;3&quot;:3},{&quot;1&quot;:1,&quot;2&quot;:0,&quot;4&quot;:1}]},&quot;9&quot;:0,&quot;12&quot;:0}\">Ho\u00e0ng t\u1eed b\u00e9 &#8211; s\u00e1ch \u0111\u01b0\u1ee3c b\u00e1n tr\u00ean sachgiakho.com<br \/>\n<img loading=\"lazy\" decoding=\"async\" class=\"alignnone size-full wp-image-99\" src=\"https:\/\/sachgiakho.com\/wp-content\/uploads\/2023\/02\/tinywow_Hoang-tu-be_14819291.jpg\" alt=\"sachgiakho.com\" width=\"300\" height=\"300\" srcset=\"https:\/\/sachgiakho.com\/wp-content\/uploads\/2023\/02\/tinywow_Hoang-tu-be_14819291.jpg 300w, https:\/\/sachgiakho.com\/wp-content\/uploads\/2023\/02\/tinywow_Hoang-tu-be_14819291-100x100.jpg 100w, https:\/\/sachgiakho.com\/wp-content\/uploads\/2023\/02\/tinywow_Hoang-tu-be_14819291-150x150.jpg 150w\" sizes=\"auto, (max-width: 300px) 100vw, 300px\" \/><br \/>\n<\/span><\/p>\n<p>\u0110\u01b0\u1ee3c \u0111\u00e1nh gi\u00e1 l\u00e0 m\u1ed9t trong nh\u1eefng cu\u1ed1n s\u00e1ch hay nh\u1ea5t, th\u01a1 m\u1ed9ng nh\u1ea5t m\u1ecdi th\u1eddi \u0111\u1ea1i, Ho\u00e0ng T\u1eed B\u00e9 k\u1ec3 v\u1ec1 m\u1ed9t phi c\u00f4ng g\u1eb7p n\u1ea1n \u1edf sa m\u1ea1c Sahara v\u00ec \u0111\u1ed9ng c\u01a1 m\u00e1y bay b\u1ecb h\u1ecfng n\u00ean bu\u1ed9c ph\u1ea3i h\u1ea1 c\u00e1nh kh\u1ea9n c\u1ea5p, t\u1ea1i \u0111\u00e2y anh g\u1eb7p g\u1ee1 m\u1ed9t ch\u00fa b\u00e9 k\u1ef3 l\u1ea1 c\u00f3 m\u00e1i t\u00f3c v\u00e0ng. H\u00f3a ra \u0111\u00f3 l\u00e0 ho\u00e0ng t\u1eed t\u1eeb m\u1ed9t ti\u1ec3u h\u00e0nh tinh kh\u00e1c \u0111\u1ebfn, \u0111\u00f3 l\u00e0 ti\u1ec3u h\u00e0nh tinh B612 xa x\u00f4i v\u00e0 t\u1eeb \u0111\u00e2y c\u00e2u chuy\u1ec7n v\u1ec1 cu\u1ed9c \u0111\u1eddi c\u1ee7a ch\u00fa d\u1ea7n \u0111\u01b0\u1ee3c h\u00e9 l\u1ed9.<\/p>\n<p>Tr\u1ebb em th\u00edch Ho\u00e0ng T\u1eed B\u00e9 v\u00ec cu\u1ed1n s\u00e1ch ng\u1eafn, c\u00e2u ch\u1eef \u0111\u01a1n gi\u1ea3n, l\u1ea1i c\u00f3 nhi\u1ec1u h\u00ecnh v\u1ebd minh h\u1ecda \u0111\u1eb9p m\u00ea ly. Ng\u01b0\u1eddi l\u1edbn th\u00edch Ho\u00e0ng T\u1eed B\u00e9 v\u00ec cu\u1ed1n s\u00e1ch khi\u1ebfn h\u1ecd nh\u1eadn ra nhi\u1ec1u b\u00e0i h\u1ecdc v\u1ed1n \u0111\u01a1n gi\u1ea3n nh\u01b0ng hay b\u1ecb l\u00e3ng qu\u00ean.<\/p>\n<p>L\u00e0m say \u0111\u1eafm bi\u1ebft bao tr\u00e1i tim nh\u01b0 th\u1ebf, Ho\u00e0ng T\u1eed B\u00e9 x\u1ee9ng \u0111\u00e1ng tr\u1edf th\u00e0nh \u00e1ng v\u0103n ch\u01b0\u01a1ng b\u1ea5t h\u1ee7 m\u00e0 m\u00e3i m\u00e3i ch\u00fang ta mu\u1ed1n \u0111em l\u00e0m qu\u00e0 t\u1eb7ng c\u1ee7a t\u00ecnh y\u00eau.<\/p>\n<p><span data-sheets-value=\"{&quot;1&quot;:2,&quot;2&quot;:&quot;Ho\u00e0ng t\u1eed b\u00e9&quot;}\" data-sheets-userformat=\"{&quot;2&quot;:595,&quot;3&quot;:{&quot;1&quot;:0},&quot;4&quot;:{&quot;1&quot;:2,&quot;2&quot;:13689059},&quot;7&quot;:{&quot;1&quot;:[{&quot;1&quot;:2,&quot;2&quot;:0,&quot;5&quot;:{&quot;1&quot;:2,&quot;2&quot;:0}},{&quot;1&quot;:0,&quot;2&quot;:0,&quot;3&quot;:3},{&quot;1&quot;:1,&quot;2&quot;:0,&quot;4&quot;:1}]},&quot;9&quot;:0,&quot;12&quot;:0}\">\u00a0<\/span><\/p>\n","protected":false},"excerpt":{"rendered":"<p>\u201c&#8230;C\u1eadu ho\u00e0ng t\u1eed ch\u1ee3p m\u1eaft ng\u1ee7, t\u00f4i b\u1ebf em l\u00ean v\u00f2ng tay t\u00f4i v\u00e0 l\u1ea1i l\u00ean \u0111\u01b0\u1eddng. L\u00f2ng t\u00f4i x\u00fac \u0111\u1ed9ng. T\u00f4i c\u00f3 c\u1ea3m gi\u00e1c nh\u01b0 tr\u00ean M\u1eb7t \u0110\u1ea5t n\u00e0y kh\u00f4ng c\u00f3 g\u00ec mong manh h\u01a1n. Nh\u1edd \u00e1nh s\u00e1ng tr\u0103ng, t\u00f4i nh\u00ecn th\u1ea5y v\u1ea7ng tr\u00e1n nh\u1ee3t nh\u1ea1t \u1ea5y, \u0111\u00f4i m\u1eaft nh\u1eafm nghi\u1ec1n c\u00e1c l\u1eb5ng t\u00f3c run r\u1ea9y tr\u01b0\u1edbc gi\u00f3, v\u00e0 t\u00f4i ngh\u0129 th\u1ea7m: C\u00e1i m\u00e0 ta nh\u00ecn th\u1ea5y \u0111\u00e2y ch\u1ec9 l\u00e0 c\u00e1i v\u1ecf. C\u00e1i quan tr\u1ecdng nh\u1ea5t th\u00ec kh\u00f4ng nh\u00ecn th\u1ea5y \u0111\u01b0\u1ee3c&#8230;\u201d<\/p>\n","protected":false},"featured_media":99,"comment_status":"open","ping_status":"closed","template":"","meta":[],"product_cat":[23],"product_tag":[],"class_list":["post-98","product","type-product","status-publish","has-post-thumbnail","hentry","product_cat-sach-tam-ly"],"_links":{"self":[{"href":"https:\/\/sachgiakho.com\/index.php\/wp-json\/wp\/v2\/product\/98","targetHints":{"allow":["GET"]}}],"collection":[{"href":"https:\/\/sachgiakho.com\/index.php\/wp-json\/wp\/v2\/product"}],"about":[{"href":"https:\/\/sachgiakho.com\/index.php\/wp-json\/wp\/v2\/types\/product"}],"replies":[{"embeddable":true,"href":"https:\/\/sachgiakho.com\/index.php\/wp-json\/wp\/v2\/comments?post=98"}],"wp:featuredmedia":[{"embeddable":true,"href":"https:\/\/sachgiakho.com\/index.php\/wp-json\/wp\/v2\/media\/99"}],"wp:attachment":[{"href":"https:\/\/sachgiakho.com\/index.php\/wp-json\/wp\/v2\/media?parent=98"}],"wp:term":[{"taxonomy":"product_cat","embeddable":true,"href":"https:\/\/sachgiakho.com\/index.php\/wp-json\/wp\/v2\/product_cat?post=98"},{"taxonomy":"product_tag","embeddable":true,"href":"https:\/\/sachgiakho.com\/index.php\/wp-json\/wp\/v2\/product_tag?post=98"}],"curies":[{"name":"wp","href":"https:\/\/api.w.org\/{rel}","templated":true}]}}