{"id":96,"date":"2023-02-26T18:01:33","date_gmt":"2023-02-26T11:01:33","guid":{"rendered":"https:\/\/sachgiakho.com\/?post_type=product&#038;p=96"},"modified":"2023-02-26T18:01:33","modified_gmt":"2023-02-26T11:01:33","slug":"hanh-trinh-ve-phuong-dong","status":"publish","type":"product","link":"https:\/\/sachgiakho.com\/index.php\/product\/hanh-trinh-ve-phuong-dong\/","title":{"rendered":"H\u00e0nh tr\u00ecnh v\u1ec1 ph\u01b0\u01a1ng \u0111\u00f4ng"},"content":{"rendered":"<p><span data-sheets-value=\"{&quot;1&quot;:2,&quot;2&quot;:&quot;H\u00e0nh tr\u00ecnh v\u1ec1 ph\u01b0\u01a1ng \u0111\u00f4ng&quot;}\" data-sheets-userformat=\"{&quot;2&quot;:15059,&quot;3&quot;:{&quot;1&quot;:0},&quot;4&quot;:{&quot;1&quot;:2,&quot;2&quot;:13689059},&quot;7&quot;:{&quot;1&quot;:[{&quot;1&quot;:2,&quot;2&quot;:0,&quot;5&quot;:{&quot;1&quot;:2,&quot;2&quot;:0}},{&quot;1&quot;:0,&quot;2&quot;:0,&quot;3&quot;:3},{&quot;1&quot;:1,&quot;2&quot;:0,&quot;4&quot;:1}]},&quot;9&quot;:0,&quot;10&quot;:2,&quot;12&quot;:0,&quot;14&quot;:{&quot;1&quot;:2,&quot;2&quot;:0},&quot;15&quot;:&quot;Times New Roman&quot;,&quot;16&quot;:15}\">H\u00e0nh tr\u00ecnh v\u1ec1 ph\u01b0\u01a1ng \u0111\u00f4ng &#8211; s\u00e1ch \u0111\u01b0\u1ee3c b\u00e1n tr\u00ean sachgiakho.com<br \/>\n<img loading=\"lazy\" decoding=\"async\" class=\"alignnone size-full wp-image-97\" src=\"https:\/\/sachgiakho.com\/wp-content\/uploads\/2023\/02\/tinywow_hanh-trinh-ve-phuong-dong_14818808.jpg\" alt=\"sachgiakho.com\" width=\"300\" height=\"300\" srcset=\"https:\/\/sachgiakho.com\/wp-content\/uploads\/2023\/02\/tinywow_hanh-trinh-ve-phuong-dong_14818808.jpg 300w, https:\/\/sachgiakho.com\/wp-content\/uploads\/2023\/02\/tinywow_hanh-trinh-ve-phuong-dong_14818808-100x100.jpg 100w, https:\/\/sachgiakho.com\/wp-content\/uploads\/2023\/02\/tinywow_hanh-trinh-ve-phuong-dong_14818808-150x150.jpg 150w\" sizes=\"auto, (max-width: 300px) 100vw, 300px\" \/><br \/>\n<\/span><\/p>\n<p>H\u00e0nh Tr\u00ecnh V\u1ec1 Ph\u01b0\u01a1ng \u0110\u00f4ng l\u00e0 m\u1ed9t t\u00e1c ph\u1ea9m v\u0103n h\u1ecdc \u0111\u01b0\u01a1ng \u0111\u1ea1i \u0111\u1ed9c \u0111\u00e1o v\u00e0 h\u1ea5p d\u1eabn nh\u1ea5t v\u1ec1 v\u0103n h\u00f3a ph\u01b0\u01a1ng \u0110\u00f4ng. Cu\u1ed1n s\u00e1ch \u0111\u00e3 t\u00e1i xu\u1ea5t b\u1ea3n v\u1edbi m\u1ed9t di\u1ec7n m\u1ea1o ho\u00e0n to\u00e0n m\u1edbi, sang tr\u1ecdng v\u00e0 \u1ea5n t\u01b0\u1ee3ng v\u00e0 \u0111\u00e3 \u0111\u01b0\u1ee3c ph\u00e1t h\u00e0nh v\u1edbi s\u1ed1 l\u01b0\u1ee3ng \u1ea5n t\u01b0\u1ee3ng, h\u01a1n 40.000 b\u1ea3n t\u1ea1i Vi\u1ec7t Nam ch\u1ec9 trong v\u00e0i n\u0103m tr\u1edf l\u1ea1i \u0111\u00e2y. Cu\u1ed1n s\u00e1ch k\u1ec3 v\u1ec1 cu\u1ed9c h\u00e0nh tr\u00ecnh c\u1ee7a m\u1ed9t \u0111o\u00e0n khoa h\u1ecdc h\u00e0ng \u0111\u1ea7u c\u1ee7a H\u1ed9i Khoa H\u1ecdc Ho\u00e0ng Gia Anh \u0111\u01b0\u1ee3c c\u1eed sang \u1ea4n \u0110\u1ed9 \u0111\u1ec3 nghi\u00ean c\u1ee9u v\u1ec1 huy\u1ec1n h\u1ecdc v\u00e0 nh\u1eefng kh\u1ea3 n\u0103ng si\u00eau nhi\u00ean c\u1ee7a con ng\u01b0\u1eddi. Su\u1ed1t hai n\u0103m tr\u1eddi rong ru\u1ed5i kh\u1eafp c\u00e1c \u0111\u1ec1n ch\u00f9a \u1ea4n \u0110\u1ed9, h\u1ecd ti\u1ebfp x\u00fac v\u1edbi nh\u1eefng v\u1ecb ch\u00e2n tu th\u00f4ng th\u00e1i s\u1ed1ng \u1ea9n d\u1eadt \u1edf th\u1ecb tr\u1ea5n hay tr\u00ean r\u1eb7ng Tuy\u1ebft S\u01a1n. Nh\u1edd th\u1ebf, h\u1ecd \u0111\u01b0\u1ee3c ch\u1ee9ng ki\u1ebfn, tr\u1ea3i nghi\u1ec7m, hi\u1ec3u bi\u1ebft s\u00e2u s\u1eafc v\u1ec1 c\u00e1c khoa h\u1ecdc c\u1ed5 x\u1ee9c v\u00e0 b\u00ed truy\u1ec1n c\u1ee7a v\u0103n h\u00f3a \u1ea4n \u0110\u1ed9 nh\u01b0 yoga, thi\u1ec1n \u0111\u1ecbnh, thu\u1eadt chi\u00eam tinh, c\u00e1c ph\u00e9p d\u01b0\u1ee1ng sinh v\u00e0 ch\u1eefa b\u1ec7nh, nh\u1eefng ki\u1ebfn th\u1ee9c v\u1ec1 nh\u00e2n duy\u00ean, nghi\u1ec7p b\u00e1o, lu\u1eadt nh\u00e2n qu\u1ea3, c\u00f5i s\u1ed1ng v\u00e0 c\u00f5i ch\u1ebft.<\/p>\n<p>Cu\u1ed1n s\u00e1ch n\u00e0y l\u00e0 m\u1ed9t ph\u1ea7n trong b\u1ed9 h\u1ed3i k\u00fd n\u1ed5i ti\u1ebfng c\u1ee7a gi\u00e1o s\u01b0 Blair T. Spalding, \u201cLife and Teaching of the Masters of the Far East\u201d. B\u1ed9 s\u00e1ch n\u00e0y c\u00f3 t\u1ea5t c\u1ea3 s\u00e1u quy\u1ec3n, ghi nh\u1eadn \u0111\u1ea7y \u0111\u1ee7 v\u1ec1 cu\u1ed9c h\u00e0nh tr\u00ecnh gay go nh\u01b0ng l\u00fd th\u00fa v\u00e0 tr\u00e0n \u0111\u1ea7y s\u1ef1 huy\u1ec1n b\u00ed \u1edf \u1ea4n \u0110\u1ed9, T\u00e2y T\u1ea1ng, Trung Hoa v\u00e0 Ba T\u01b0. Cu\u1ed1n s\u00e1ch \u0111\u00e3 g\u00e2y ra tranh c\u00e3i l\u1edbn kh\u00f4ng ch\u1ec9 \u1edf Anh m\u00e0 c\u1ea3 ch\u00e2u \u00c2u v\u00e0 M\u1ef9 v\u00e0 b\u1ecb c\u1ea5m ph\u00e1t h\u00e0nh t\u1ea1i Anh Qu\u1ed1c sau \u0111\u00f3. Tuy nhi\u00ean, sau nhi\u1ec1u n\u1ed7 l\u1ef1c, cu\u1ed1n s\u00e1ch \u0111\u00e3 \u0111\u01b0\u1ee3c t\u00e1i b\u1ea3n v\u00e0 \u0111\u01b0\u1ee3c ph\u00e1t h\u00e0nh t\u1ea1i Vi\u1ec7t Nam. H\u00e0nh Tr\u00ecnh V\u1ec1 Ph\u01b0\u01a1ng \u0110\u00f4ng l\u00e0 m\u1ed9t cu\u1ed1n s\u00e1ch \u0111\u00e1ng \u0111\u1ecdc cho nh\u1eefng ai mu\u1ed1n t\u00ecm hi\u1ec3u v\u1ec1 v\u0103n h\u00f3a v\u00e0 t\u00e2m linh ph\u01b0\u01a1ng \u0110\u00f4ng.<\/p>\n<p><span data-sheets-value=\"{&quot;1&quot;:2,&quot;2&quot;:&quot;H\u00e0nh tr\u00ecnh v\u1ec1 ph\u01b0\u01a1ng \u0111\u00f4ng&quot;}\" data-sheets-userformat=\"{&quot;2&quot;:15059,&quot;3&quot;:{&quot;1&quot;:0},&quot;4&quot;:{&quot;1&quot;:2,&quot;2&quot;:13689059},&quot;7&quot;:{&quot;1&quot;:[{&quot;1&quot;:2,&quot;2&quot;:0,&quot;5&quot;:{&quot;1&quot;:2,&quot;2&quot;:0}},{&quot;1&quot;:0,&quot;2&quot;:0,&quot;3&quot;:3},{&quot;1&quot;:1,&quot;2&quot;:0,&quot;4&quot;:1}]},&quot;9&quot;:0,&quot;10&quot;:2,&quot;12&quot;:0,&quot;14&quot;:{&quot;1&quot;:2,&quot;2&quot;:0},&quot;15&quot;:&quot;Times New Roman&quot;,&quot;16&quot;:15}\">\u00a0<\/span><\/p>\n","protected":false},"excerpt":{"rendered":"<p>Cu\u1ed1n s\u00e1ch n\u00e0y l\u00e0 m\u1ed9t ph\u1ea7n trong b\u1ed9 h\u1ed3i k\u00fd n\u1ed5i ti\u1ebfng c\u1ee7a gi\u00e1o s\u01b0 Blair T. Spalding, \u201cLife and Teaching of the Masters of the Far East\u201d. B\u1ed9 s\u00e1ch n\u00e0y c\u00f3 t\u1ea5t c\u1ea3 s\u00e1u quy\u1ec3n, ghi nh\u1eadn \u0111\u1ea7y \u0111\u1ee7 v\u1ec1 cu\u1ed9c h\u00e0nh tr\u00ecnh gay go nh\u01b0ng l\u00fd th\u00fa v\u00e0 tr\u00e0n \u0111\u1ea7y s\u1ef1 huy\u1ec1n b\u00ed \u1edf \u1ea4n \u0110\u1ed9, T\u00e2y T\u1ea1ng, Trung Hoa v\u00e0 Ba T\u01b0. Cu\u1ed1n s\u00e1ch \u0111\u00e3 g\u00e2y ra tranh c\u00e3i l\u1edbn kh\u00f4ng ch\u1ec9 \u1edf Anh m\u00e0 c\u1ea3 ch\u00e2u \u00c2u v\u00e0 M\u1ef9 v\u00e0 b\u1ecb c\u1ea5m ph\u00e1t h\u00e0nh t\u1ea1i Anh Qu\u1ed1c sau \u0111\u00f3. Tuy nhi\u00ean, sau nhi\u1ec1u n\u1ed7 l\u1ef1c, cu\u1ed1n s\u00e1ch \u0111\u00e3 \u0111\u01b0\u1ee3c t\u00e1i b\u1ea3n v\u00e0 \u0111\u01b0\u1ee3c ph\u00e1t h\u00e0nh t\u1ea1i Vi\u1ec7t Nam. H\u00e0nh Tr\u00ecnh V\u1ec1 Ph\u01b0\u01a1ng \u0110\u00f4ng l\u00e0 m\u1ed9t cu\u1ed1n s\u00e1ch \u0111\u00e1ng \u0111\u1ecdc cho nh\u1eefng ai mu\u1ed1n t\u00ecm hi\u1ec3u v\u1ec1 v\u0103n h\u00f3a v\u00e0 t\u00e2m linh ph\u01b0\u01a1ng \u0110\u00f4ng.<\/p>\n","protected":false},"featured_media":97,"comment_status":"open","ping_status":"closed","template":"","meta":[],"product_cat":[16,23],"product_tag":[],"class_list":["post-96","product","type-product","status-publish","has-post-thumbnail","hentry","product_cat-sach-phat-trien-tu-duy","product_cat-sach-tam-ly"],"_links":{"self":[{"href":"https:\/\/sachgiakho.com\/index.php\/wp-json\/wp\/v2\/product\/96","targetHints":{"allow":["GET"]}}],"collection":[{"href":"https:\/\/sachgiakho.com\/index.php\/wp-json\/wp\/v2\/product"}],"about":[{"href":"https:\/\/sachgiakho.com\/index.php\/wp-json\/wp\/v2\/types\/product"}],"replies":[{"embeddable":true,"href":"https:\/\/sachgiakho.com\/index.php\/wp-json\/wp\/v2\/comments?post=96"}],"wp:featuredmedia":[{"embeddable":true,"href":"https:\/\/sachgiakho.com\/index.php\/wp-json\/wp\/v2\/media\/97"}],"wp:attachment":[{"href":"https:\/\/sachgiakho.com\/index.php\/wp-json\/wp\/v2\/media?parent=96"}],"wp:term":[{"taxonomy":"product_cat","embeddable":true,"href":"https:\/\/sachgiakho.com\/index.php\/wp-json\/wp\/v2\/product_cat?post=96"},{"taxonomy":"product_tag","embeddable":true,"href":"https:\/\/sachgiakho.com\/index.php\/wp-json\/wp\/v2\/product_tag?post=96"}],"curies":[{"name":"wp","href":"https:\/\/api.w.org\/{rel}","templated":true}]}}