{"id":62,"date":"2023-02-25T10:07:38","date_gmt":"2023-02-25T03:07:38","guid":{"rendered":"https:\/\/sachgiakho.com\/?post_type=product&#038;p=62"},"modified":"2023-06-17T09:27:06","modified_gmt":"2023-06-17T02:27:06","slug":"bo-di-ma-song","status":"publish","type":"product","link":"https:\/\/sachgiakho.com\/index.php\/product\/bo-di-ma-song\/","title":{"rendered":"B\u01a1 \u0110i M\u00e0 S\u1ed1ng"},"content":{"rendered":"<p><strong>B\u01a1 \u0110i M\u00e0 S\u1ed1ng<\/strong><\/p>\n<p><strong>B\u01a1 \u0111i m\u00e0 s\u1ed1ng<\/strong>\u00a0c\u1ee7a n\u1eef t\u00e1c gi\u1ea3 M\u00e8o X\u00f9 l\u00e0 cu\u1ed1n t\u1ea3n v\u0103n tr\u00e0n \u0111\u1ea7y n\u0103ng l\u01b0\u1ee3ng s\u1ed1ng khi truy\u1ec1n nh\u1eefng c\u1ea3m h\u1ee9ng ch\u00e2n th\u1eadt nh\u1ea5t v\u1ec1 cu\u1ed9c \u0111\u1eddi, t\u00ecnh y\u00eau, t\u00ecnh b\u1ea1n, t\u00ecnh th\u00e2n. M\u00e8o X\u00f9 \u0111\u00e3 t\u1eebng r\u1ea5t ch\u00e1n gh\u00e9t ch\u00ednh b\u1ea3n th\u00e2n m\u00ecnh, nh\u01b0ng r\u1ed3i c\u00f4 nh\u1eadn ra cu\u1ed9c \u0111\u1eddi n\u00e0y \u0111\u00e3 ban t\u1eb7ng cho c\u00f4 qu\u00e1 nhi\u1ec1u th\u1ee9 t\u1ed1t \u0111\u1eb9p kh\u00e1c, v\u00e0 &#8220;B\u01a1 \u0111i m\u00e0 s\u1ed1ng&#8221; ra \u0111\u1eddi t\u1ef1 nhi\u00ean nh\u01b0 c\u00e1ch c\u00f4 lu\u00f4n nh\u00ecn th\u1ea5y l\u1ea1c quan trong nh\u1eefng bi quan nh\u1ea5t. Cu\u1ed1n s\u00e1ch nh\u01b0 m\u1ed9t m\u00f3n qu\u00e0 \u0111\u1ed9ng vi\u00ean cho nh\u1eefng ai \u0111ang g\u1eb7p ph\u1ea3i nh\u1eefng &#8220;b\u00faa r\u00ecu kh\u00f3 kh\u0103n&#8221; \u0111ang \u0111\u1ed5 d\u1ed3n v\u00e0o ph\u00eda m\u00ecnh, nh\u1eefng mi\u1ec7ng \u0111\u1eddi kh\u00f3 nghe, nh\u1eefng t\u1ed5n th\u01b0\u01a1ng trong cu\u1ed9c s\u1ed1ng\u2026, th\u00f4i th\u00ec c\u1ee9 &#8220;b\u01a1 \u0111i m\u00e0 s\u1ed1ng&#8221; m\u1ed9t c\u00e1ch t\u00edch c\u1ef1c nh\u1ea5t, \u0111\u1ec3 m\u00ecnh v\u1eabn ti\u1ebfp t\u1ee5c \u0111\u1ee9ng v\u1eefng v\u00e0 m\u1ec9m c\u01b0\u1eddi.<br \/>\n<img loading=\"lazy\" decoding=\"async\" class=\"alignnone size-full wp-image-63\" src=\"https:\/\/sachgiakho.com\/wp-content\/uploads\/2023\/02\/tinywow_bo-di-ma-song.jpg\" alt=\"sachgiakho.com\" width=\"192\" height=\"300\" \/><\/p>\n<p><strong>Nh\u1eefng c\u00e2u tr\u00edch d\u1eabn b\u1eadt l\u00ean tinh th\u1ea7n t\u00e1c ph\u1ea9m &#8220;B\u01a1 \u0111i m\u00e0 s\u1ed1ng&#8221;:<\/strong><\/p>\n<p>&#8211; H\u00e3y tr\u00e2n tr\u1ecdng m\u1ed7i s\u00e1ng th\u1ee9c d\u1eady. B\u1edfi ch\u1ec9 c\u1ea7n \u0111\u01b0\u1ee3c th\u1ee9c d\u1eady, th\u00ec b\u1ea5t c\u1ee9 s\u1ef1 g\u00ec tr\u00ean \u0111\u1eddi v\u1eabn c\u00f2n c\u00f3 c\u01a1 h\u1ed9i \u0111\u1ec3 thay \u0111\u1ed5i.<\/p>\n<p>&#8211; Ch\u00fang ta l\u1ea1c quan kh\u00f4ng ph\u1ea3i l\u00e0 khi lu\u00f4n ngh\u0129 m\u1ecdi vi\u1ec7c \u1edf tr\u00ean \u0111\u1eddi \u0111\u1ec1u t\u1ed1t \u0111\u1eb9p, m\u00e0 l\u00e0 khi bi\u1ebft ch\u1ea5p nh\u1eadn m\u1ed9t th\u1ef1c t\u1ea1i l\u00e0 kh\u00f4ng ph\u1ea3i m\u1ecdi chuy\u1ec7n tr\u00ean \u0111\u1eddi \u0111\u1ec1u t\u1ed1t \u0111\u1eb9p.<\/p>\n<p>&#8211; N\u1ebfu kh\u00f4ng th\u1ec3 l\u00e0 m\u1ed9t b\u00f4ng hoa \u0111\u1eb9p th\u00ec h\u00e3y l\u00e0 m\u1ed9t b\u00f4ng hoa th\u01a1m!<\/p>\n<p>&#8211; Ph\u1ee5 n\u1eef kh\u00f4ng ph\u1ea3i c\u1ee9 \u0111\u1eb9p l\u00e0 s\u1ebd c\u00f3 t\u1ea5t c\u1ea3, m\u00e0 th\u00e1i \u0111\u1ed9 s\u1ed1ng m\u1edbi l\u00e0 y\u1ebfu t\u1ed1 quy\u1ebft \u0111\u1ecbnh. S\u1ed1ng t\u00edch c\u1ef1c, s\u1ed1ng l\u1ea1c quan v\u00e0 \u0111\u1eebng s\u1ee3 h\u00e3i!<\/p>\n<p>&#8211; H\u1ea1nh ph\u00fac kh\u00f4ng bao gi\u1edd l\u00e0 h\u1ea1nh ph\u00fac n\u1ebfu n\u00f3 \u0111\u01b0\u1ee3c x\u00e2y d\u1ef1ng tr\u00ean n\u1ed7i \u0111au c\u1ee7a ng\u01b0\u1eddi kh\u00e1c.<\/p>\n<p>&#8211; \u0110\u1eebng \u0111\u1ed5 l\u1ed7i, \u0111\u1eebng \u00abquy tr\u00e1ch nhi\u1ec7m\u00bb m\u1ecdi s\u1ef1 th\u1ea5t b\u1ea1i c\u1ee7a b\u1ea3n th\u00e2n cho s\u1ef1 x\u1ea5u x\u00ed. X\u1ea5u x\u00ed kh\u00f4ng c\u00f3 t\u1ed9i, c\u0169ng kh\u00f4ng ph\u1ea3i l\u00e0 nguy\u00ean nh\u00e2n c\u1ee7a th\u1ea5t b\u1ea1i. Ch\u00fang m\u00ecnh th\u1ea5t b\u1ea1i v\u00ec ch\u00fang m\u00ecnh ch\u01b0a n\u1ed7 l\u1ef1c h\u1ebft m\u00ecnh, ch\u1ec9 \u0111\u01a1n gi\u1ea3n v\u1eady th\u00f4i.<\/p>\n","protected":false},"excerpt":{"rendered":"<p>Quy\u1ec3n s\u00e1ch\u00a0<strong>B\u01a1 \u0111i m\u00e0 s\u1ed1ng<\/strong> s\u1ebd k\u00e9o b\u1ea1n ra kh\u1ecfi nh\u1eefng b\u1ebf t\u1eafc \u0111ang b\u1ee7a v\u00e2y xung quanh, n\u1ebfu kh\u00f4ng th\u1ec3 l\u00e0 m\u1ed9t b\u00f4ng hoa \u0111\u1eb9p th\u00ec ph\u1ea3i l\u00e0 m\u1ed9t b\u00f4ng hoa th\u01a1m! Bi\u1ebft ch\u1ea5p nh\u1eadn v\u00e0 \u0111\u00f3n nh\u1eadn nh\u1eefng g\u00ec cu\u1ed9c \u0111\u1eddi \u0111em \u0111\u1ebfn d\u1eabu vui, d\u1eabu bu\u1ed3n th\u00ec \u0111\u00f3 m\u1edbi l\u00e0 c\u00e1ch &#8220;b\u01a1 \u0111i m\u00e0 s\u1ed1ng&#8221; t\u00edch c\u1ef1c nh\u1ea5t.<\/p>\n","protected":false},"featured_media":63,"comment_status":"open","ping_status":"closed","template":"","meta":[],"product_cat":[18,16],"product_tag":[],"class_list":["post-62","product","type-product","status-publish","has-post-thumbnail","hentry","product_cat-goc-danh-cho-phu-nu","product_cat-sach-phat-trien-tu-duy"],"_links":{"self":[{"href":"https:\/\/sachgiakho.com\/index.php\/wp-json\/wp\/v2\/product\/62","targetHints":{"allow":["GET"]}}],"collection":[{"href":"https:\/\/sachgiakho.com\/index.php\/wp-json\/wp\/v2\/product"}],"about":[{"href":"https:\/\/sachgiakho.com\/index.php\/wp-json\/wp\/v2\/types\/product"}],"replies":[{"embeddable":true,"href":"https:\/\/sachgiakho.com\/index.php\/wp-json\/wp\/v2\/comments?post=62"}],"wp:featuredmedia":[{"embeddable":true,"href":"https:\/\/sachgiakho.com\/index.php\/wp-json\/wp\/v2\/media\/63"}],"wp:attachment":[{"href":"https:\/\/sachgiakho.com\/index.php\/wp-json\/wp\/v2\/media?parent=62"}],"wp:term":[{"taxonomy":"product_cat","embeddable":true,"href":"https:\/\/sachgiakho.com\/index.php\/wp-json\/wp\/v2\/product_cat?post=62"},{"taxonomy":"product_tag","embeddable":true,"href":"https:\/\/sachgiakho.com\/index.php\/wp-json\/wp\/v2\/product_tag?post=62"}],"curies":[{"name":"wp","href":"https:\/\/api.w.org\/{rel}","templated":true}]}}