{"id":49,"date":"2023-02-18T18:19:11","date_gmt":"2023-02-18T11:19:11","guid":{"rendered":"https:\/\/sachgiakho.com\/?post_type=product&#038;p=49"},"modified":"2023-06-17T09:27:20","modified_gmt":"2023-06-17T02:27:20","slug":"nguoi-giau-co-nhat-thanh-babylon","status":"publish","type":"product","link":"https:\/\/sachgiakho.com\/index.php\/product\/nguoi-giau-co-nhat-thanh-babylon\/","title":{"rendered":"Ng\u01b0\u1eddi gi\u00e0u c\u00f3 nh\u1ea5t th\u00e0nh Babylon"},"content":{"rendered":"<p>Cu\u1ed1n s\u00e1ch n\u00f3i t\u1edbi ng\u01b0\u1eddi \u0111\u00e0n \u00f4ng gi\u00e0u c\u00f3 nh\u1ea5t th\u00e0nh Babylon t\u00ean l\u00e0 Arkad. \u00d4ng l\u00e0 m\u1ed9t anh th\u1ee3 kh\u1eafc g\u1ed7 l\u00fac c\u00f2n tr\u1ebb v\u00e0 r\u1ea5t may m\u1eafn h\u1ecdc \u0111\u01b0\u1ee3c b\u00ed quy\u1ebft \u0111\u1ec3 l\u00e0m gi\u00e0u. V\u00e0 khi tr\u1edf n\u00ean gi\u00e0u c\u00f3, \u00f4ng r\u1ea5t s\u1eb5n s\u00e0ng chia s\u1ebb nh\u1eefng \u0111i\u1ec1u \u0111\u00e3 gi\u00fap \u00f4ng gi\u00e0u c\u00f3 cho ng\u01b0\u1eddi kh\u00e1c. Tr\u01b0\u1edbc ti\u00ean, \u00f4ng chia s\u1ebb v\u1edbi m\u1ecdi ng\u01b0\u1eddi v\u1ec1 7 c\u00e1ch \u0111\u1ec3 ch\u1eefa tr\u1ecb m\u1ed9t t\u00fai ti\u1ec1n x\u1eb9p l\u00e9p. V\u00e0 sau \u0111\u00f3, qua l\u1eddi k\u1ec3 c\u1ee7a Kalabab-m\u1ed9t th\u01b0\u01a1ng gia c\u0169ng r\u1ea5t gi\u00e0u c\u00f3 v\u1ec1 Arkad, cho bi\u1ebft c\u00f3 5 quy lu\u1eadt c\u1ee7a\u00a0<a title=\"V\u00e0ng\" href=\"https:\/\/vi.wikipedia.org\/wiki\/V%C3%A0ng\">v\u00e0ng<\/a>. Ng\u01b0\u1eddi \u0111\u00e0n \u00f4ng \u0111\u01b0\u1ee3c nh\u1eafc \u0111\u1ebfn th\u1ee9 hai trong cu\u1ed1n s\u00e1ch l\u00e0 Mathon-ng\u01b0\u1eddi cho vay v\u00e0ng \u1edf v\u01b0\u01a1ng qu\u1ed1c Babylon. C\u00e2u chuy\u1ec7n v\u1ec1 nh\u1eefng ng\u01b0\u1eddi n\u00f4 l\u1ec7 Dabasir hay Megiddo, Sharru Nada, tho\u00e1t kh\u1ecfi ki\u1ebfp ngh\u00e8o h\u00e8n tr\u1edf th\u00e0nh ng\u01b0\u1eddi \u0111\u01b0\u1ee3c m\u1ecdi ng\u01b0\u1eddi k\u00ednh tr\u1ecdng.<img loading=\"lazy\" decoding=\"async\" class=\"alignnone size-medium wp-image-51\" src=\"https:\/\/sachgiakho.com\/wp-content\/uploads\/2023\/02\/nguoigiauco2-1-188x300.jpg\" alt=\"\" width=\"188\" height=\"300\" srcset=\"https:\/\/sachgiakho.com\/wp-content\/uploads\/2023\/02\/nguoigiauco2-1-188x300.jpg 188w, https:\/\/sachgiakho.com\/wp-content\/uploads\/2023\/02\/nguoigiauco2-1-416x662.jpg 416w, https:\/\/sachgiakho.com\/wp-content\/uploads\/2023\/02\/nguoigiauco2-1-643x1024.jpg 643w, https:\/\/sachgiakho.com\/wp-content\/uploads\/2023\/02\/nguoigiauco2-1-768x1223.jpg 768w, https:\/\/sachgiakho.com\/wp-content\/uploads\/2023\/02\/nguoigiauco2-1-965x1536.jpg 965w, https:\/\/sachgiakho.com\/wp-content\/uploads\/2023\/02\/nguoigiauco2-1-1286x2048.jpg 1286w, https:\/\/sachgiakho.com\/wp-content\/uploads\/2023\/02\/nguoigiauco2-1.jpg 1309w\" sizes=\"auto, (max-width: 188px) 100vw, 188px\" \/><\/p>\n","protected":false},"excerpt":{"rendered":"<p>Ng\u01b0\u1eddi gi\u00e0u c\u00f3 nh\u1ea5t th\u00e0nh Babylon l\u00e0 m\u1ed9t t\u00e1c ph\u1ea9m c\u1ee7a doanh nh\u00e2n, nh\u00e0 v\u0103n M\u1ef9 George Samuel Clason vi\u1ebft v\u1ec1 th\u1ec3 lo\u1ea1i l\u00e0m gi\u00e0u xu\u1ea5t hi\u1ec7n n\u0103m 1926, n\u00f3 l\u00e0 m\u1ed9t cu\u1ed1n s\u00e1ch gi\u1edbi thi\u1ec7u v\u1ec1 c\u00e1ch ti\u1ebft ki\u1ec7m, bu\u00f4n b\u00e1n v\u00e0 l\u00e0m gi\u00e0u c\u1ee7a ng\u01b0\u1eddi d\u00e2n c\u1ed5 x\u01b0a th\u00e0nh Babylon.<\/p>\n","protected":false},"featured_media":58,"comment_status":"open","ping_status":"closed","template":"","meta":[],"product_cat":[16],"product_tag":[],"class_list":["post-49","product","type-product","status-publish","has-post-thumbnail","hentry","product_cat-sach-phat-trien-tu-duy"],"_links":{"self":[{"href":"https:\/\/sachgiakho.com\/index.php\/wp-json\/wp\/v2\/product\/49","targetHints":{"allow":["GET"]}}],"collection":[{"href":"https:\/\/sachgiakho.com\/index.php\/wp-json\/wp\/v2\/product"}],"about":[{"href":"https:\/\/sachgiakho.com\/index.php\/wp-json\/wp\/v2\/types\/product"}],"replies":[{"embeddable":true,"href":"https:\/\/sachgiakho.com\/index.php\/wp-json\/wp\/v2\/comments?post=49"}],"wp:featuredmedia":[{"embeddable":true,"href":"https:\/\/sachgiakho.com\/index.php\/wp-json\/wp\/v2\/media\/58"}],"wp:attachment":[{"href":"https:\/\/sachgiakho.com\/index.php\/wp-json\/wp\/v2\/media?parent=49"}],"wp:term":[{"taxonomy":"product_cat","embeddable":true,"href":"https:\/\/sachgiakho.com\/index.php\/wp-json\/wp\/v2\/product_cat?post=49"},{"taxonomy":"product_tag","embeddable":true,"href":"https:\/\/sachgiakho.com\/index.php\/wp-json\/wp\/v2\/product_tag?post=49"}],"curies":[{"name":"wp","href":"https:\/\/api.w.org\/{rel}","templated":true}]}}