{"id":181,"date":"2023-05-30T10:23:05","date_gmt":"2023-05-30T03:23:05","guid":{"rendered":"https:\/\/sachgiakho.com\/?post_type=product&#038;p=181"},"modified":"2026-04-08T06:06:14","modified_gmt":"2026-04-07T23:06:14","slug":"quang-ganh-lo-di-va-vui-song","status":"publish","type":"product","link":"https:\/\/sachgiakho.com\/index.php\/product\/quang-ganh-lo-di-va-vui-song\/","title":{"rendered":"Qu\u1eb3ng g\u00e1nh lo \u0111i v\u00e0 vui s\u1ed1ng (b\u1ea3n m\u1edbi 2023)"},"content":{"rendered":"<p><img loading=\"lazy\" decoding=\"async\" class=\"alignnone size-full wp-image-182\" src=\"https:\/\/sachgiakho.com\/wp-content\/uploads\/2023\/05\/quang-ganh-lo-di-va-vui-song.jpg\" alt=\"\" width=\"212\" height=\"300\" \/><\/p>\n<div class=\"clear\"><\/div>\n<div>\n<div class=\"product_view_tab_content_ad_more\">\n<div class=\"product_view_tab_content_additional\">Qu\u1eb3ng G\u00e1nh Lo \u0110i V\u00e0 Vui S\u1ed1ng l\u00e0 cu\u1ed1n s\u00e1ch m\u00e0 c\u00e1i t\u00ean \u0111\u00e3 n\u00f3i l\u00ean t\u1ea5t c\u1ea3 n\u1ed9i dung chuy\u1ec3n t\u1ea3i tr\u00ean nh\u1eefng trang gi\u1ea5y.<\/div>\n<div id=\"product_tabs_description_contents\">\n<div id=\"desc_content\" class=\"std\">\n<p>B\u1ea5t k\u1ef3 ai \u0111ang s\u1ed1ng \u0111\u1ec1u s\u1ebd c\u00f3 nh\u1eefng lo l\u1eafng th\u01b0\u1eddng tr\u1ef1c v\u1ec1 h\u1ecdc h\u00e0nh, c\u00f4ng vi\u1ec7c, nh\u1eefng ho\u00e1 \u0111\u01a1n, chuy\u1ec7n nh\u00e0 c\u1eeda,\u2026 Cu\u1ed9c s\u1ed1ng kh\u00f4ng d\u1ec5 d\u00e0ng gi\u1ea3i tho\u00e1t b\u1ea1n kh\u1ecfi c\u0103ng th\u1eb3ng, ng\u01b0\u1ee3c l\u1ea1i, n\u1ebfu qu\u00e1 lo l\u1eafng, b\u1ea1n c\u00f3 th\u1ec3 m\u1eafc b\u1ec7nh tr\u1ea7m c\u1ea3m.\u00a0<strong>Qu\u1eb3ng G\u00e1nh Lo \u0110i V\u00e0 Vui S\u1ed1ng<\/strong>\u00a0khuy\u00ean b\u1ea1n h\u00e3y kh\u00f3a ch\u1eb7t d\u0129 v\u00e3ng v\u00e0 t\u01b0\u01a1ng lai l\u1ea1i \u0111\u1ec3 s\u1ed1ng trong c\u00e1i ph\u00f2ng k\u00edn m\u00edt c\u1ee7a ng\u00e0y h\u00f4m nay. M\u1ecdi v\u1ea5n \u0111\u1ec1 \u0111\u1ec1u c\u00f3 th\u1ec3 \u0111\u01b0\u1ee3c gi\u1ea3i quy\u1ebft, ch\u1ec9 c\u1ea7n b\u1ea1n b\u00ecnh t\u0129nh v\u00e0 x\u00e1c \u0111\u1ecbnh \u0111\u00fang h\u00e0nh \u0111\u1ed9ng c\u1ea7n l\u00e0m v\u00e0o \u0111\u00fang th\u1eddi \u0111i\u1ec3m.<\/p>\n<p>N\u00f3i th\u00ec c\u00f3 v\u1ebb d\u1ec5 nh\u01b0ng nh\u1eefng v\u1ea5n \u0111\u1ec1 li\u00ean quan \u0111\u1ebfn c\u00e1c tr\u1ea1ng th\u00e1i tinh th\u1ea7n ch\u1eb3ng bao gi\u1edd d\u1ec5 gi\u1ea3i quy\u1ebft. Ch\u1ea5m d\u1ee9t lo l\u1eafng l\u00e0 \u0111i\u1ec1u kh\u00f4ng th\u1ec3 nh\u01b0ng b\u1edbt \u0111i s\u1ef1 lo l\u1eafng th\u00ec c\u00f3 th\u1ec3, ch\u1ec9 c\u1ea7n b\u1ea1n \u0111\u1ee7 quy\u1ebft t\u00e2m.<\/p>\n<p><strong>Qu\u1eb3ng G\u00e1nh Lo \u0110i V\u00e0 Vui S\u1ed1ng<\/strong>\u00a0khuy\u00ean b\u1ea1n nh\u1eefng c\u00e1ch \u0111\u1ec3 gi\u1ea3m thi\u1ec3u lo l\u1eafng r\u1ea5t \u0111\u01a1n gi\u1ea3n nh\u01b0 chia s\u1ebb n\u00f3 v\u1edbi ng\u01b0\u1eddi kh\u00e1c, t\u00ecm c\u00e1ch gi\u1ea3i quy\u1ebft v\u1ea5n \u0111\u1ec1, qu\u00ean t\u1ea5t c\u1ea3 nh\u1eefng \u0111i\u1ec1u lo l\u1eafng n\u1eb1m ngo\u00e0i t\u1ea7m tay,&#8230; C\u1ed1 g\u1eafng th\u1ef1c t\u1eadp \u0111i\u1ec1u n\u00e0y h\u00e0ng ng\u00e0y v\u00e0 trong cu\u1ed9c s\u1ed1ng ch\u1eafc h\u1eb3n b\u1ea1n s\u1ebd th\u00e0nh c\u00f4ng, c\u00f3 th\u1ec3, kh\u00f4ng \u0111\u01b0\u1ee3c nh\u01b0 b\u1ea1n mu\u1ed1n, nh\u01b0ng ch\u1ec9 c\u1ea7n b\u1edbt \u0111i m\u1ed9t ch\u00fat phi\u1ec1n mu\u1ed9n th\u00ec cu\u1ed9c s\u1ed1ng c\u1ee7a b\u1ea1n \u0111\u00e3 c\u00f3 th\u00eam m\u1ed9t ni\u1ec1m vui.<\/p>\n<p>Nh\u1edd c\u00e1c ph\u01b0\u01a1ng ph\u00e1p c\u1ee7a Dale Carnegie, h\u00e0ng tri\u1ec7u ng\u01b0\u1eddi \u0111\u1ecdc \u0111\u00e3 x\u00e2y d\u1ef1ng \u0111\u01b0\u1ee3c th\u00e1i \u0111\u1ed9 s\u1ed1ng t\u00edch c\u1ef1c, an t\u00e2m c\u1ea3m nh\u1eadn h\u1ea1nh ph\u00fac v\u00e0 m\u00e3i m\u00e3i lo\u1ea1i b\u1ecf th\u00f3i quen lo l\u1eafng:<\/p>\n<p>H\u00e3y \u0111\u00f3ng ch\u1eb7t nh\u1eefng c\u00e1nh c\u1eeda s\u1eaft d\u1eabn \u0111\u1ebfn qu\u00e1 kh\u1ee9 v\u00e0 t\u01b0\u01a1ng lai. Ch\u1ec9 s\u1ed1ng trong nh\u1eefng v\u00e1ch ng\u0103n c\u1ee7a hi\u1ec7n t\u1ea1i.<\/p>\n<p>Nh\u00ecn nh\u1eadn nh\u1eefng m\u1eb7t t\u00edch c\u1ef1c c\u1ee7a cu\u1ed9c s\u1ed1ng<\/p>\n<p>Khi l\u00e0m vi\u1ec7c \u0111\u1ebfn qu\u00ean m\u00ecnh, ta c\u0169ng qu\u00ean \u0111i m\u1ecdi lo l\u1eafng<\/p>\n<p>Th\u1eed ki\u1ec3m tra theo lu\u1eadt b\u00ecnh qu\u00e2n, x\u00e1c su\u1ea5t x\u1ea3y ra \u0111i\u1ec1u b\u1ea1n \u0111ang lo l\u1eafng l\u00e0 bao nhi\u00eau ph\u1ea7n tr\u0103m?<\/p>\n<p>Lu\u00f4n n\u1ed7 l\u1ef1c h\u1ebft m\u00ecnh<\/p>\n<p>H\u00e3y ngh\u0129 \u0111\u1ebfn nh\u1eefng may m\u1eafn b\u1ea1n c\u00f3 \u0111\u01b0\u1ee3c ch\u1ee9 kh\u00f4ng ph\u1ea3i l\u00e0 nh\u1eefng r\u1eafc r\u1ed1i<\/p>\n<p>H\u00e3y qu\u00ean \u0111i b\u1ea3n th\u00e2n b\u1eb1ng c\u00e1ch quan t\u00e2m \u0111\u1ebfn ng\u01b0\u1eddi kh\u00e1c. M\u1ed7i ng\u00e0y l\u00e0m m\u1ed9t \u0111i\u1ec1u t\u1ed1t c\u00f3 th\u1ec3 khi\u1ebfn ai \u0111\u00f3 m\u1ec9m c\u01b0\u1eddi.<\/p>\n<p>Qua h\u01a1n n\u1eeda th\u1ebf k\u1ef7, nh\u1eefng l\u1eddi khuy\u00ean thi\u1ebft th\u1ef1c v\u00e0 s\u00e2u s\u1eafc c\u1ee7a Dale Carnegie v\u1eabn c\u00f2n nguy\u00ean gi\u00e1 tr\u1ecb cho \u0111\u1ebfn ng\u00e0y nay. Ngay b\u00e2y gi\u1edd, b\u1ea1n \u0111\u00e3 c\u00f3 th\u1ec3 ghi t\u00ean m\u00ecnh v\u00e0o danh s\u00e1ch h\u00e0ng tri\u1ec7u con ng\u01b0\u1eddi \u0111\u00e3 h\u1ecdc \u0111\u01b0\u1ee3c c\u00e1ch: Qu\u1eb3ng g\u00e1nh lo \u0111i v\u00e0 vui s\u1ed1ng!<\/p>\n<p><strong><em>B\u00c1O CH\u00cd N\u00d3I V\u1ec0 CU\u1ed0N S\u00c1CH<\/em><\/strong><\/p>\n<p><em>\u201c\u0110\u00e2y l\u00e0 cu\u1ed1n s\u00e1ch kinh \u0111i\u1ec3n, \u0111\u01b0\u1ee3c xem l\u00e0 c\u1ea9m nang gi\u00fap ng\u01b0\u1eddi \u0111\u1ecdc c\u00f3 th\u1ec3 t\u1ef1 nh\u00ecn nh\u1eadn v\u00e0 v\u01b0\u1ee3t qua s\u1ef1 lo l\u1eafng, b\u1ea5t an c\u1ee7a b\u1ea3n th\u00e2n\u201d. &#8211;\u00a0<\/em><strong>Nh\u1ecbp c\u1ea7u \u0111\u1ea7u t\u01b0<\/strong><\/p>\n<p><strong><em>V\u1ec0 T\u00c1C GI\u1ea2<\/em><\/strong><\/p>\n<p>Dale Breckenridge Carnegie (24 th\u00e1ng 11 n\u0103m 1888 \u2013 1 th\u00e1ng 11 n\u0103m 1955) l\u00e0 m\u1ed9t nh\u00e0 v\u0103n v\u00e0 nh\u00e0 thuy\u1ebft tr\u00ecnh M\u1ef9 v\u00e0 l\u00e0 ng\u01b0\u1eddi ph\u00e1t tri\u1ec3n c\u00e1c l\u1edbp t\u1ef1 gi\u00e1o d\u1ee5c, ngh\u1ec7 thu\u1eadt b\u00e1n h\u00e0ng, hu\u1ea5n luy\u1ec7n \u0111o\u00e0n th\u1ec3, n\u00f3i tr\u01b0\u1edbc c\u00f4ng ch\u00fang v\u00e0 c\u00e1c k\u1ef9 n\u0103ng giao ti\u1ebfp gi\u1eefa m\u1ecdi ng\u01b0\u1eddi. Ra \u0111\u1eddi trong c\u1ea3nh ngh\u00e8o \u0111\u00f3i t\u1ea1i m\u1ed9t trang tr\u1ea1i \u1edf Missouri, \u00f4ng l\u00e0 t\u00e1c gi\u1ea3 cu\u1ed1n \u0110\u1eafc Nh\u00e2n T\u00e2m, \u0111\u01b0\u1ee3c xu\u1ea5t b\u1ea3n l\u1ea7n \u0111\u1ea7u n\u0103m 1936, m\u1ed9t cu\u1ed1n s\u00e1ch thu\u1ed9c h\u00e0ng b\u00e1n ch\u1ea1y nh\u1ea5t v\u00e0 \u0111\u01b0\u1ee3c bi\u1ebft \u0111\u1ebfn nhi\u1ec1u nh\u1ea5t cho \u0111\u1ebfn t\u1eadn ng\u00e0y nay. \u00d4ng c\u0169ng vi\u1ebft m\u1ed9t cu\u1ed1n ti\u1ec3u s\u1eed Abraham Lincoln, v\u1edbi t\u1ef1a \u0111\u1ec1 Lincoln con ng\u01b0\u1eddi ch\u01b0a bi\u1ebft, v\u00e0 nhi\u1ec1u cu\u1ed1n s\u00e1ch kh\u00e1c.<\/p>\n<p>Carnegie l\u00e0 m\u1ed9t trong nh\u1eefng ng\u01b0\u1eddi \u0111\u1ea7u ti\u00ean \u0111\u1ec1 xu\u1ea5t c\u00e1i ng\u00e0y nay \u0111\u01b0\u1ee3c g\u1ecdi l\u00e0 \u0111\u1ea3m \u0111\u01b0\u01a1ng tr\u00e1ch nhi\u1ec7m, d\u00f9 n\u00f3 ch\u1ec9 \u0111\u01b0\u1ee3c \u0111\u1ec1 c\u1eadp t\u1ec9 m\u1ec9 trong t\u00e1c ph\u1ea9m vi\u1ebft c\u1ee7a \u00f4ng. M\u1ed9t trong nh\u1eefng \u00fd t\u01b0\u1edfng ch\u1ee7 ch\u1ed1t trong nh\u1eefng cu\u1ed1n s\u00e1ch c\u1ee7a \u00f4ng l\u00e0 c\u00f3 th\u1ec3 thay \u0111\u1ed5i th\u00e1i \u0111\u1ed9 c\u1ee7a ng\u01b0\u1eddi kh\u00e1c khi thay \u0111\u1ed5i s\u1ef1 \u0111\u1ed1i x\u1eed c\u1ee7a ta v\u1edbi h\u1ecd.<\/p>\n<p><strong>Tr\u00edch \u0111o\u1ea1n hay<\/strong><\/p>\n<p><em>Ng\u00e0y h\u00f4m nay ch\u00ednh l\u00e0 t\u00e0i s\u1ea3n qu\u00fd gi\u00e1 nh\u1ea5t c\u1ee7a ch\u00fang ta. N\u00f3 l\u00e0 t\u00e0i s\u1ea3n duy nh\u1ea5t ch\u00fang ta ch\u1eafc ch\u1eafn c\u00f3.<\/em><\/p>\n<p><em>Tr\u00ean b\u00e0n l\u00e0m vi\u1ec7c c\u1ee7a nh\u00e0 v\u0103n John Ruskin c\u00f3 m\u1ed9t h\u00f2n \u0111\u00e1 \u0111\u01a1n s\u01a1, tr\u00ean \u0111\u00f3 n\u1ed5i b\u1eadc m\u1ed9t t\u1eeb r\u00f5 n\u00e9t: Ng\u00e0y h\u00f4m nay. Tuy kh\u00f4ng c\u00f3 h\u00f2n \u0111\u00e1 nh\u01b0 th\u1ebf nh\u01b0ng t\u00f4i \u0111\u00e3 d\u00e1n m\u1ed9t b\u00e0i th\u01a1 l\u00ean t\u1ea5m g\u01b0\u01a1ng soi \u0111\u1ec3 m\u00ecnh c\u00f3 th\u1ec3 nh\u00ecn v\u00e0o m\u1ed7i s\u00e1ng. \u0110\u00f3 l\u00e0 b\u00e0i th\u01a1 c\u1ee7a Kalidasa, nh\u00e0 so\u1ea1n k\u1ecbch n\u1ed5i ti\u1ebfng ng\u01b0\u1eddi \u1ea4n \u0110\u1ed9.<\/em><\/p>\n<p><em>L\u1edcI CH\u00c0O NG\u00c0Y M\u1edaI<\/em><\/p>\n<p><em>H\u00e3y s\u1ed1ng tr\u1ecdn v\u1eb9n ng\u00e0y h\u00f4m nay!<\/em><\/p>\n<p><em>V\u00ec \u0111\u00f3 ch\u00ednh l\u00e0 cu\u1ed9c s\u1ed1ng, cu\u1ed9c s\u1ed1ng th\u1ef1c s\u1ef1<\/em><\/p>\n<p><em>M\u1ed9t ng\u00e0y \u2013 \u00d4i th\u1eddi gian ng\u1eafn ng\u1ee7i!<\/em><\/p>\n<p><em>Ch\u1ee9a tr\u1ecdn m\u1ecdi \u0111i\u1ec1u s\u1ef1 th\u1eadt \u0111\u1eddi ta:<\/em><\/p>\n<p><em>Ni\u1ec1m vui tr\u01b0\u1edfng th\u00e0n<\/em><\/p>\n<p><em>S\u1ef1 h\u00e3nh di\u1ec7n khi h\u00e0nh \u0111\u1ed9ng<\/em><\/p>\n<p><em>N\u00e9t r\u1ef1c r\u1ee1 c\u1ee7a dung nhan.<\/em><\/p>\n<p><em>Qu\u00e1 kh\u1ee9 ch\u1ec9 l\u00e0 m\u1ed9t gi\u1ea5c m\u01a1<\/em><\/p>\n<p><em>V\u00e0 t\u01b0\u01a1ng lai l\u00e0 m\u1ed9t vi\u1ec5n \u1ea3nh.<\/em><\/p>\n<p><em>S\u1ed1ng h\u1ebft m\u00ecnh trong hi\u1ec7n t\u1ea1i l\u00e0 l\u00e0m \u0111\u1eb9p m\u1ed7i ng\u00e0y qua<\/em><\/p>\n<p><em>V\u00e0 bi\u1ebfn m\u1ed7i ng\u00e0y mai th\u00e0nh ng\u00e0y ch\u1ee9a chan hy v\u1ecdng \u2026<\/em><\/p>\n<p><em>V\u00ec th\u1ebf, \u0111\u1ec3 tho\u00e1t kh\u1ecfi nh\u1eefng lo l\u1eafng, phi\u1ec1n mu\u1ed9n, \u0111i\u1ec1u \u0111\u1ea7u ti\u00ean b\u1ea1n c\u1ea7n ph\u1ea3i l\u00e0m l\u00e0:<\/em><\/p>\n<p><em>\u201cH\u00e3y \u0111\u00f3ng ch\u1eb7t nh\u1eefng c\u00e1nh c\u1eeda n\u1eb7ng n\u1ec1 d\u1eabn \u0111\u1ebfn qu\u00e1 kh\u1ee9 v\u00e0 t\u01b0\u01a1ng lai. H\u00e3y s\u1ed1ng v\u1edbi ng\u00e0y h\u00f4m nay, t\u1eadn d\u1ee5ng t\u1ed1i \u0111a 24 gi\u1edd qu\u00fd gi\u00e1 c\u1ee7a m\u1ed9t ng\u00e0y.\u201d<\/em><\/p>\n<p><em>Sao b\u1ea1n kh\u00f4ng t\u1ef1 h\u1ecfi b\u1ea3n th\u00e2n m\u00ecnh v\u00e0 \u0111i t\u00ecm c\u00e2u tr\u1ea3 l\u1eddi cho nh\u1eefng c\u00e2u h\u1ecfi sau:<\/em><\/p>\n<p><em>1\/ Li\u1ec7u t\u00f4i c\u00f3 \u0111ang l\u1ea3ng tr\u00e1nh cu\u1ed9c s\u1ed1ng hi\u1ec7n t\u1ea1i v\u00ec c\u1ee9 m\u00e3i lo ngh\u0129 cho t\u01b0\u01a1ng lai hay m\u01a1 t\u01b0\u1edfng \u0111\u1ebfn \u201cm\u1ed9t v\u01b0\u1eddn h\u1ed3ng huy\u1ec1n \u1ea3o \u1edf t\u00edt t\u1eadn ch\u00e2n tr\u1eddi\u201d.<\/em><\/p>\n<p><em>2\/ Li\u1ec7u t\u00f4i c\u00f3 l\u00e0m u \u00e1m ng\u00e0y h\u00f4m nay c\u1ee7a m\u00ecnh b\u1eb1ng nh\u1eefng h\u1ed1i ti\u1ebfc v\u1ec1 nh\u1eefng \u0111i\u1ec1u \u0111\u00e3 qua?<\/em><\/p>\n<p><em>3\/ Li\u1ec7u m\u1ed7i s\u00e1ng th\u1ee9c d\u1eady, t\u00f4i c\u00f3 quy\u1ebft t\u00e2m \u201cs\u1ed1ng tr\u1ecdn ng\u00e0y h\u00f4m nay\u201d \u0111\u1ec3 s\u1eed d\u1ee5ng tri\u1ec7t \u0111\u1ec3 24 gi\u1edd m\u00e0 cu\u1ed9c s\u1ed1ng \u0111em \u0111\u1ebfn cho t\u00f4i?<\/em><\/p>\n<p><em>4\/ Li\u1ec7u t\u00f4i c\u00f3 th\u1ec3 s\u1ed1ng t\u1ed1t h\u01a1n khi ch\u1ecdn c\u00e1ch \u201cs\u1ed1ng trong ng\u0103n k\u00edn c\u1ee7a hi\u1ec7n tai\u201d n\u00e0y kh\u00f4ng?<\/em><\/p>\n<p><em>Khi n\u00e0o t\u00f4i n\u00ean b\u1eaft \u0111\u1ea7u? Tu\u1ea7n sau?\u2026. Ng\u00e0y mai?\u2026. Hay H\u00f4m nay?<\/em><\/p>\n<\/div>\n<\/div>\n<\/div>\n<\/div>\n","protected":false},"excerpt":{"rendered":"<p>Qu\u1eb3ng G\u00e1nh Lo \u0110i V\u00e0 Vui S\u1ed1ng l\u00e0 cu\u1ed1n s\u00e1ch m\u00e0 c\u00e1i t\u00ean \u0111\u00e3 n\u00f3i l\u00ean t\u1ea5t c\u1ea3 n\u1ed9i dung chuy\u1ec3n t\u1ea3i tr\u00ean nh\u1eefng trang gi\u1ea5y. B\u1ea5t k\u1ef3 ai \u0111ang s\u1ed1ng \u0111\u1ec1u s\u1ebd c\u00f3 nh\u1eefng lo l\u1eafng th\u01b0\u1eddng tr\u1ef1c v\u1ec1 h\u1ecdc h\u00e0nh, c\u00f4ng vi\u1ec7c, nh\u1eefng ho\u00e1 \u0111\u01a1n, chuy\u1ec7n nh\u00e0 c\u1eeda,\u2026 Cu\u1ed9c s\u1ed1ng kh\u00f4ng d\u1ec5 d\u00e0ng [&hellip;]<\/p>\n","protected":false},"featured_media":182,"comment_status":"open","ping_status":"closed","template":"","meta":[],"product_cat":[16,23],"product_tag":[],"class_list":["post-181","product","type-product","status-publish","has-post-thumbnail","hentry","product_cat-sach-phat-trien-tu-duy","product_cat-sach-tam-ly"],"_links":{"self":[{"href":"https:\/\/sachgiakho.com\/index.php\/wp-json\/wp\/v2\/product\/181","targetHints":{"allow":["GET"]}}],"collection":[{"href":"https:\/\/sachgiakho.com\/index.php\/wp-json\/wp\/v2\/product"}],"about":[{"href":"https:\/\/sachgiakho.com\/index.php\/wp-json\/wp\/v2\/types\/product"}],"replies":[{"embeddable":true,"href":"https:\/\/sachgiakho.com\/index.php\/wp-json\/wp\/v2\/comments?post=181"}],"wp:featuredmedia":[{"embeddable":true,"href":"https:\/\/sachgiakho.com\/index.php\/wp-json\/wp\/v2\/media\/182"}],"wp:attachment":[{"href":"https:\/\/sachgiakho.com\/index.php\/wp-json\/wp\/v2\/media?parent=181"}],"wp:term":[{"taxonomy":"product_cat","embeddable":true,"href":"https:\/\/sachgiakho.com\/index.php\/wp-json\/wp\/v2\/product_cat?post=181"},{"taxonomy":"product_tag","embeddable":true,"href":"https:\/\/sachgiakho.com\/index.php\/wp-json\/wp\/v2\/product_tag?post=181"}],"curies":[{"name":"wp","href":"https:\/\/api.w.org\/{rel}","templated":true}]}}