{"id":159,"date":"2023-03-28T16:45:29","date_gmt":"2023-03-28T09:45:29","guid":{"rendered":"https:\/\/sachgiakho.com\/?post_type=product&#038;p=159"},"modified":"2026-04-14T05:55:50","modified_gmt":"2026-04-13T22:55:50","slug":"nhung-ke-xuat-chung","status":"publish","type":"product","link":"https:\/\/sachgiakho.com\/index.php\/product\/nhung-ke-xuat-chung\/","title":{"rendered":"Nh\u1eefng k\u1ebb xu\u1ea5t ch\u00fang"},"content":{"rendered":"<p>Cu\u1ed1n s\u00e1ch &#8220;Nh\u1eefng k\u1ebb xu\u1ea5t ch\u00fang&#8221; (t\u00ean g\u1ed1c: &#8220;Outliers&#8221;) c\u1ee7a t\u00e1c gi\u1ea3 Malcolm Gladwell l\u00e0 m\u1ed9t t\u00e1c ph\u1ea9m n\u1ed5i ti\u1ebfng \u0111\u00e3 \u0111\u1ea1t \u0111\u01b0\u1ee3c th\u00e0nh c\u00f4ng to\u00e0n c\u1ea7u. Trong cu\u1ed1n s\u00e1ch n\u00e0y, Gladwell ph\u00e2n t\u00edch v\u00e0 \u0111\u01b0a ra nh\u1eefng nh\u1eadn \u0111\u1ecbnh \u0111\u1ea7y th\u00fa v\u1ecb v\u1ec1 l\u00fd do t\u1ea1i sao m\u1ed9t s\u1ed1 ng\u01b0\u1eddi tr\u1edf n\u00ean xu\u1ea5t ch\u00fang v\u00e0 \u0111\u1ea1t \u0111\u01b0\u1ee3c th\u00e0nh c\u00f4ng l\u1edbn trong cu\u1ed9c \u0111\u1eddi, trong khi nh\u1eefng ng\u01b0\u1eddi kh\u00e1c l\u1ea1i kh\u00f4ng.<br \/>\n<img loading=\"lazy\" decoding=\"async\" class=\"alignnone size-full wp-image-160\" src=\"https:\/\/sachgiakho.com\/wp-content\/uploads\/2023\/03\/nhung-ke-xuat-chung.jpg\" alt=\"s\u00e1ch gi\u00e1 kho\" width=\"300\" height=\"300\" srcset=\"https:\/\/sachgiakho.com\/wp-content\/uploads\/2023\/03\/nhung-ke-xuat-chung.jpg 300w, https:\/\/sachgiakho.com\/wp-content\/uploads\/2023\/03\/nhung-ke-xuat-chung-150x150.jpg 150w, https:\/\/sachgiakho.com\/wp-content\/uploads\/2023\/03\/nhung-ke-xuat-chung-100x100.jpg 100w\" sizes=\"auto, (max-width: 300px) 100vw, 300px\" \/><\/p>\n<p>Gladwell s\u1eed d\u1ee5ng nhi\u1ec1u v\u00ed d\u1ee5 v\u00e0 nghi\u00ean c\u1ee9u t\u1eeb c\u00e1c l\u0129nh v\u1ef1c kh\u00e1c nhau \u0111\u1ec3 minh h\u1ecda cho quan \u0111i\u1ec3m c\u1ee7a m\u00ecnh, t\u1eeb th\u1ec3 thao \u0111\u1ebfn \u00e2m nh\u1ea1c, kinh doanh v\u00e0 gi\u00e1o d\u1ee5c. Anh \u0111\u01b0a ra c\u00e1c b\u1eb1ng ch\u1ee9ng \u0111\u1ec3 ch\u1ee9ng minh r\u1eb1ng th\u00e0nh c\u00f4ng kh\u00f4ng ph\u1ea3i ch\u1ec9 do t\u00e0i n\u0103ng v\u00e0 n\u1ed7 l\u1ef1c c\u00e1 nh\u00e2n, m\u00e0 c\u00f2n ph\u1ee5 thu\u1ed9c v\u00e0o nhi\u1ec1u y\u1ebfu t\u1ed1 kh\u00e1c nh\u01b0 ng\u1eabu nhi\u00ean, c\u01a1 h\u1ed9i, v\u00e0 m\u00f4i tr\u01b0\u1eddng.<\/p>\n<p>Cu\u1ed1n s\u00e1ch &#8220;Nh\u1eefng k\u1ebb xu\u1ea5t ch\u00fang&#8221; \u0111\u00e3 \u0111\u00e1nh b\u1ea1i r\u1ea5t nhi\u1ec1u k\u1ef7 l\u1ee5c b\u00e1n s\u00e1ch v\u00e0 \u0111\u01b0\u1ee3c \u0111\u00e1nh gi\u00e1 cao b\u1edfi c\u1ea3 gi\u1edbi chuy\u00ean m\u00f4n l\u1eabn \u0111\u1ed9c gi\u1ea3 th\u00f4ng th\u01b0\u1eddng. Gladwell vi\u1ebft v\u1edbi phong c\u00e1ch d\u1ec5 hi\u1ec3u, th\u00fa v\u1ecb v\u00e0 g\u1ea7n g\u0169i, gi\u00fap cho c\u00e1c \u00fd t\u01b0\u1edfng c\u1ee7a \u00f4ng tr\u1edf n\u00ean r\u00f5 r\u00e0ng v\u00e0 d\u1ec5 ti\u1ebfp thu. B\u1eb1ng c\u00e1ch cung c\u1ea5p cho ng\u01b0\u1eddi \u0111\u1ecdc nh\u1eefng th\u00f4ng tin h\u1eefu \u00edch v\u00e0 \u0111\u00e1ng ng\u1ea1c nhi\u00ean, Gladwell \u0111\u00e3 \u0111\u01b0a ra m\u1ed9t c\u00e1ch nh\u00ecn kh\u00e1c v\u1ec1 th\u00e0nh c\u00f4ng v\u00e0 gi\u00fap ch\u00fang ta hi\u1ec3u r\u00f5 h\u01a1n v\u1ec1 c\u00e1ch th\u1ee9c \u0111\u1ec3 \u0111\u1ea1t \u0111\u01b0\u1ee3c th\u00e0nh c\u00f4ng trong cu\u1ed9c s\u1ed1ng.<\/p>\n<p>T\u00f3m l\u1ea1i, &#8220;Nh\u1eefng k\u1ebb xu\u1ea5t ch\u00fang&#8221; l\u00e0 m\u1ed9t cu\u1ed1n s\u00e1ch \u0111\u00e1ng \u0111\u1ecdc v\u00e0 \u0111\u1ea7y \u00fd ngh\u0129a. \u0110\u00e2y l\u00e0 m\u1ed9t cu\u1ed1n s\u00e1ch d\u00e0nh cho m\u1ecdi ng\u01b0\u1eddi, kh\u00f4ng ch\u1ec9 nh\u1eefng ng\u01b0\u1eddi \u0111ang t\u00ecm ki\u1ebfm c\u00e1ch \u0111\u1ea1t \u0111\u01b0\u1ee3c th\u00e0nh c\u00f4ng, m\u00e0 c\u00f2n cho nh\u1eefng ng\u01b0\u1eddi mu\u1ed1n hi\u1ec3u s\u00e2u h\u01a1n v\u1ec1 nh\u1eefng y\u1ebfu t\u1ed1 \u0111\u00f3ng vai tr\u00f2 quan tr\u1ecdng trong vi\u1ec7c tr\u1edf n\u00ean xu\u1ea5t s\u1eafc.<\/p>\n","protected":false},"excerpt":{"rendered":"<p>&#8220;Nh\u1eefng k\u1ebb xu\u1ea5t ch\u00fang&#8221; \u0111\u00e3 \u0111\u00e1nh b\u1ea1i r\u1ea5t nhi\u1ec1u k\u1ef7 l\u1ee5c b\u00e1n s\u00e1ch v\u00e0 \u0111\u01b0\u1ee3c \u0111\u00e1nh gi\u00e1 cao b\u1edfi c\u1ea3 gi\u1edbi chuy\u00ean m\u00f4n l\u1eabn \u0111\u1ed9c gi\u1ea3 th\u00f4ng th\u01b0\u1eddng. Gladwell vi\u1ebft v\u1edbi phong c\u00e1ch d\u1ec5 hi\u1ec3u, th\u00fa v\u1ecb v\u00e0 g\u1ea7n g\u0169i, gi\u00fap cho c\u00e1c \u00fd t\u01b0\u1edfng c\u1ee7a \u00f4ng tr\u1edf n\u00ean r\u00f5 r\u00e0ng v\u00e0 d\u1ec5 ti\u1ebfp thu. B\u1eb1ng c\u00e1ch cung c\u1ea5p cho ng\u01b0\u1eddi \u0111\u1ecdc nh\u1eefng th\u00f4ng tin h\u1eefu \u00edch v\u00e0 \u0111\u00e1ng ng\u1ea1c nhi\u00ean, Gladwell \u0111\u00e3 \u0111\u01b0a ra m\u1ed9t c\u00e1ch nh\u00ecn kh\u00e1c v\u1ec1 th\u00e0nh c\u00f4ng v\u00e0 gi\u00fap ch\u00fang ta hi\u1ec3u r\u00f5 h\u01a1n v\u1ec1 c\u00e1ch th\u1ee9c \u0111\u1ec3 \u0111\u1ea1t \u0111\u01b0\u1ee3c th\u00e0nh c\u00f4ng trong cu\u1ed9c s\u1ed1ng.<\/p>\n","protected":false},"featured_media":160,"comment_status":"open","ping_status":"closed","template":"","meta":[],"product_cat":[17,16,23],"product_tag":[],"class_list":["post-159","product","type-product","status-publish","has-post-thumbnail","hentry","product_cat-sach-kinh-doanh","product_cat-sach-phat-trien-tu-duy","product_cat-sach-tam-ly"],"_links":{"self":[{"href":"https:\/\/sachgiakho.com\/index.php\/wp-json\/wp\/v2\/product\/159","targetHints":{"allow":["GET"]}}],"collection":[{"href":"https:\/\/sachgiakho.com\/index.php\/wp-json\/wp\/v2\/product"}],"about":[{"href":"https:\/\/sachgiakho.com\/index.php\/wp-json\/wp\/v2\/types\/product"}],"replies":[{"embeddable":true,"href":"https:\/\/sachgiakho.com\/index.php\/wp-json\/wp\/v2\/comments?post=159"}],"wp:featuredmedia":[{"embeddable":true,"href":"https:\/\/sachgiakho.com\/index.php\/wp-json\/wp\/v2\/media\/160"}],"wp:attachment":[{"href":"https:\/\/sachgiakho.com\/index.php\/wp-json\/wp\/v2\/media?parent=159"}],"wp:term":[{"taxonomy":"product_cat","embeddable":true,"href":"https:\/\/sachgiakho.com\/index.php\/wp-json\/wp\/v2\/product_cat?post=159"},{"taxonomy":"product_tag","embeddable":true,"href":"https:\/\/sachgiakho.com\/index.php\/wp-json\/wp\/v2\/product_tag?post=159"}],"curies":[{"name":"wp","href":"https:\/\/api.w.org\/{rel}","templated":true}]}}