{"id":153,"date":"2023-03-28T16:18:38","date_gmt":"2023-03-28T09:18:38","guid":{"rendered":"https:\/\/sachgiakho.com\/?post_type=product&#038;p=153"},"modified":"2024-11-03T11:29:08","modified_gmt":"2024-11-03T04:29:08","slug":"mac-ke-thien-ha-song-nhu-nguoi-nhat","status":"publish","type":"product","link":"https:\/\/sachgiakho.com\/index.php\/product\/mac-ke-thien-ha-song-nhu-nguoi-nhat\/","title":{"rendered":"M\u1eb7c k\u1ec7 thi\u00ean h\u1ea1 s\u1ed1ng nh\u01b0 ng\u01b0\u1eddi Nh\u1eadt"},"content":{"rendered":"<div class=\"flex-1 overflow-hidden\">\n<div class=\"react-scroll-to-bottom--css-xuyfu-79elbk h-full dark:bg-gray-800\">\n<div class=\"react-scroll-to-bottom--css-xuyfu-1n7m0yu\">\n<div class=\"flex flex-col items-center text-sm dark:bg-gray-800\">\n<div class=\"group w-full text-gray-800 dark:text-gray-100 border-b border-black\/10 dark:border-gray-900\/50 bg-gray-50 dark:bg-[#444654]\">\n<div class=\"text-base gap-4 md:gap-6 md:max-w-2xl lg:max-w-2xl xl:max-w-3xl p-4 md:py-6 flex lg:px-0 m-auto\">\n<div class=\"relative flex w-[calc(100%-50px)] flex-col gap-1 md:gap-3 lg:w-[calc(100%-115px)]\">\n<div class=\"flex flex-grow flex-col gap-3\">\n<div class=\"min-h-[20px] flex flex-col items-start gap-4 whitespace-pre-wrap\">\n<div class=\"markdown prose w-full break-words dark:prose-invert light\">\n<p>Cu\u1ed1n s\u00e1ch &#8220;M\u1eb7c k\u1ec7 thi\u00ean h\u1ea1 s\u1ed1ng nh\u01b0 ng\u01b0\u1eddi Nh\u1eadt&#8221; l\u00e0 m\u1ed9t t\u00e1c ph\u1ea9m g\u1ed1i \u0111\u1ea7u gi\u01b0\u1eddng d\u00e0nh cho nh\u1eefng ng\u01b0\u1eddi lu\u00f4n lo l\u1eafng, s\u1ee3 h\u00e3i v\u00e0 c\u1ea3m th\u1ea5y m\u00ecnh thi\u1ebfu may m\u1eafn trong cu\u1ed9c s\u1ed1ng. \u0110\u01b0\u1ee3c vi\u1ebft d\u00e0nh ri\u00eang cho nh\u1eefng ai mu\u1ed1n t\u00ecm ra c\u00e1ch s\u1ed1ng \u0111\u00fang v\u1edbi ch\u00ednh m\u00ecnh, t\u1eadn h\u01b0\u1edfng cu\u1ed9c \u0111\u1eddi v\u00e0 tu\u1ed5i tr\u1ebb c\u1ee7a m\u00ecnh, cu\u1ed1n s\u00e1ch s\u1ebd gi\u00fap b\u1ea1n t\u00ecm ra c\u00e2u tr\u1ea3 l\u1eddi cho nh\u1eefng c\u00e2u h\u1ecfi \u0111au \u0111\u1ea7u v\u00e0 gi\u00fap b\u1ea1n c\u00f3 m\u1ed9t cu\u1ed9c s\u1ed1ng tr\u00e0n \u0111\u1ea7y \u00fd ngh\u0129a.<br \/>\n<img loading=\"lazy\" decoding=\"async\" class=\"alignnone size-full wp-image-154\" src=\"https:\/\/sachgiakho.com\/wp-content\/uploads\/2023\/03\/mac-ke-thien-ha-song-nhu-nguoi-nhat.jpg\" alt=\"sachgiakho\" width=\"300\" height=\"300\" srcset=\"https:\/\/sachgiakho.com\/wp-content\/uploads\/2023\/03\/mac-ke-thien-ha-song-nhu-nguoi-nhat.jpg 300w, https:\/\/sachgiakho.com\/wp-content\/uploads\/2023\/03\/mac-ke-thien-ha-song-nhu-nguoi-nhat-150x150.jpg 150w, https:\/\/sachgiakho.com\/wp-content\/uploads\/2023\/03\/mac-ke-thien-ha-song-nhu-nguoi-nhat-100x100.jpg 100w\" sizes=\"auto, (max-width: 300px) 100vw, 300px\" \/><\/p>\n<p>Cu\u1ed1n s\u00e1ch khuy\u1ebfn kh\u00edch b\u1ea1n th\u1eed s\u1ed1ng m\u1ed9t ng\u00e0y &#8220;m\u1eb7c k\u1ec7 thi\u00ean h\u1ea1&#8221;, t\u1eeb b\u1ecf nh\u1eefng l\u1eddi nh\u1eadn x\u00e9t ti\u00eau c\u1ef1c t\u1eeb ng\u01b0\u1eddi kh\u00e1c v\u00e0 s\u1ed1ng \u0111\u00fang v\u1edbi b\u1ea3n th\u00e2n m\u00ecnh. H\u00e3y cho ph\u00e9p b\u1ea3n th\u00e2n m\u00ecnh t\u1eeb b\u1ecf nh\u1eefng th\u1ee9 kh\u00f3 kh\u0103n, ng\u1ed5n ngang v\u00e0 lo l\u1eafng. H\u00e3y tr\u00e2n tr\u1ecdng m\u1ecdi cung b\u1eadc c\u1ea3m x\u00fac b\u00ean trong con ng\u01b0\u1eddi b\u1ea1n v\u00e0 \u0111\u1eb7t n\u00f3 l\u00ean tr\u00ean m\u1ecdi \u00e1nh nh\u00ecn c\u1ee7a ng\u01b0\u1eddi kh\u00e1c. T\u00e1c gi\u1ea3 cho r\u1eb1ng, n\u1ebfu b\u1ea1n c\u00f3 th\u1ec3 th\u1eb3ng th\u1eafn \u0111\u1ed1i di\u1ec7n v\u1edbi b\u1ea3n th\u00e2n v\u00e0 t\u1eeb b\u1ecf nh\u1eefng th\u1ee9 \u0111ang giam c\u1ea7m b\u1ea1n, b\u1ea1n s\u1ebd tr\u1edf th\u00e0nh con ng\u01b0\u1eddi c\u00f3 ch\u00ednh ki\u1ebfn, bi\u1ebft qu\u00fd tr\u1ecdng h\u01a1n v\u00e0 s\u1ed1ng m\u1ed9t cu\u1ed9c \u0111\u1eddi \u0111\u1ea7y \u00fd ngh\u0129a. Cu\u1ed1n s\u00e1ch &#8220;M\u1eb7c k\u1ec7 thi\u00ean h\u1ea1 s\u1ed1ng nh\u01b0 ng\u01b0\u1eddi Nh\u1eadt&#8221; s\u1ebd gi\u00fap b\u1ea1n t\u00ecm hi\u1ec3u v\u1ec1 tri\u1ebft l\u00fd s\u1ed1ng c\u1ee7a ng\u01b0\u1eddi Nh\u1eadt, gi\u00fap b\u1ea1n thay \u0111\u1ed5i c\u00e1ch nh\u00ecn nh\u1eadn v\u1ec1 cu\u1ed9c s\u1ed1ng v\u00e0 c\u00e1ch s\u1ed1ng \u0111\u00fang v\u1edbi ch\u00ednh m\u00ecnh.<\/p>\n<\/div>\n<\/div>\n<\/div>\n<div class=\"flex justify-between\">\n<div class=\"text-gray-400 flex self-end lg:self-center justify-center mt-2 gap-3 md:gap-4 lg:gap-1 lg:absolute lg:top-0 lg:translate-x-full lg:right-0 lg:mt-0 lg:pl-2 visible\"><\/div>\n<\/div>\n<\/div>\n<\/div>\n<\/div>\n<div class=\"w-full h-32 md:h-48 flex-shrink-0\"><\/div>\n<\/div>\n<p><button class=\"cursor-pointer absolute right-6 bottom-[124px] md:bottom-[120px] z-10 rounded-full border border-gray-200 bg-gray-50 text-gray-600 dark:border-white\/10 dark:bg-white\/10 dark:text-gray-200\"><\/button><\/div>\n<\/div>\n<\/div>\n<div class=\"absolute bottom-0 left-0 w-full border-t md:border-t-0 dark:border-white\/20 md:border-transparent md:dark:border-transparent md:bg-vert-light-gradient bg-white dark:bg-gray-800 md:!bg-transparent dark:md:bg-vert-dark-gradient pt-2\">\n<form class=\"stretch mx-2 flex flex-row gap-3 last:mb-2 md:mx-4 md:last:mb-6 lg:mx-auto lg:max-w-3xl\">\n<div class=\"relative flex h-full flex-1 md:flex-col\">\n<div class=\"flex ml-1 md:w-full md:m-auto md:mb-2 gap-0 md:gap-2 justify-center\"><\/div>\n<\/div>\n<\/form>\n<\/div>\n","protected":false},"excerpt":{"rendered":"<p>Cu\u1ed1n s\u00e1ch &#8220;M\u1eb7c k\u1ec7 thi\u00ean h\u1ea1 s\u1ed1ng nh\u01b0 ng\u01b0\u1eddi Nh\u1eadt&#8221; l\u00e0 m\u1ed9t t\u00e1c ph\u1ea9m g\u1ed1i \u0111\u1ea7u gi\u01b0\u1eddng d\u00e0nh cho nh\u1eefng ng\u01b0\u1eddi lu\u00f4n lo l\u1eafng, s\u1ee3 h\u00e3i v\u00e0 c\u1ea3m th\u1ea5y m\u00ecnh thi\u1ebfu may m\u1eafn trong cu\u1ed9c s\u1ed1ng. \u0110\u01b0\u1ee3c vi\u1ebft d\u00e0nh ri\u00eang cho nh\u1eefng ai mu\u1ed1n t\u00ecm ra c\u00e1ch s\u1ed1ng \u0111\u00fang v\u1edbi ch\u00ednh m\u00ecnh, t\u1eadn h\u01b0\u1edfng cu\u1ed9c \u0111\u1eddi v\u00e0 tu\u1ed5i tr\u1ebb c\u1ee7a m\u00ecnh, cu\u1ed1n s\u00e1ch s\u1ebd gi\u00fap b\u1ea1n t\u00ecm ra c\u00e2u tr\u1ea3 l\u1eddi cho nh\u1eefng c\u00e2u h\u1ecfi \u0111au \u0111\u1ea7u v\u00e0 gi\u00fap b\u1ea1n c\u00f3 m\u1ed9t cu\u1ed9c s\u1ed1ng tr\u00e0n \u0111\u1ea7y \u00fd ngh\u0129a.<\/p>\n","protected":false},"featured_media":154,"comment_status":"open","ping_status":"closed","template":"","meta":[],"product_cat":[18,16,23],"product_tag":[],"class_list":["post-153","product","type-product","status-publish","has-post-thumbnail","hentry","product_cat-goc-danh-cho-phu-nu","product_cat-sach-phat-trien-tu-duy","product_cat-sach-tam-ly"],"_links":{"self":[{"href":"https:\/\/sachgiakho.com\/index.php\/wp-json\/wp\/v2\/product\/153","targetHints":{"allow":["GET"]}}],"collection":[{"href":"https:\/\/sachgiakho.com\/index.php\/wp-json\/wp\/v2\/product"}],"about":[{"href":"https:\/\/sachgiakho.com\/index.php\/wp-json\/wp\/v2\/types\/product"}],"replies":[{"embeddable":true,"href":"https:\/\/sachgiakho.com\/index.php\/wp-json\/wp\/v2\/comments?post=153"}],"wp:featuredmedia":[{"embeddable":true,"href":"https:\/\/sachgiakho.com\/index.php\/wp-json\/wp\/v2\/media\/154"}],"wp:attachment":[{"href":"https:\/\/sachgiakho.com\/index.php\/wp-json\/wp\/v2\/media?parent=153"}],"wp:term":[{"taxonomy":"product_cat","embeddable":true,"href":"https:\/\/sachgiakho.com\/index.php\/wp-json\/wp\/v2\/product_cat?post=153"},{"taxonomy":"product_tag","embeddable":true,"href":"https:\/\/sachgiakho.com\/index.php\/wp-json\/wp\/v2\/product_tag?post=153"}],"curies":[{"name":"wp","href":"https:\/\/api.w.org\/{rel}","templated":true}]}}