{"id":24,"date":"2023-02-15T14:27:14","date_gmt":"2023-02-15T07:27:14","guid":{"rendered":"https:\/\/sachgiakho.com\/index.php\/homepage\/"},"modified":"2023-03-07T10:42:48","modified_gmt":"2023-03-07T03:42:48","slug":"homepage","status":"publish","type":"page","link":"https:\/\/sachgiakho.com\/","title":{"rendered":"HOME"},"content":{"rendered":"\n<div class=\"wp-block-cover is-light\" style=\"min-height:383px;aspect-ratio:unset;\"><span aria-hidden=\"true\" class=\"wp-block-cover__background has-background-dim-0 has-background-dim\"><\/span><img loading=\"lazy\" decoding=\"async\" width=\"1920\" height=\"1280\" class=\"wp-block-cover__image-background wp-image-139\" alt=\"\" src=\"https:\/\/sachgiakho.com\/wp-content\/uploads\/2023\/03\/wood-263802_1920.jpg\" data-object-fit=\"cover\" srcset=\"https:\/\/sachgiakho.com\/wp-content\/uploads\/2023\/03\/wood-263802_1920.jpg 1920w, https:\/\/sachgiakho.com\/wp-content\/uploads\/2023\/03\/wood-263802_1920-300x200.jpg 300w, https:\/\/sachgiakho.com\/wp-content\/uploads\/2023\/03\/wood-263802_1920-1024x683.jpg 1024w, https:\/\/sachgiakho.com\/wp-content\/uploads\/2023\/03\/wood-263802_1920-768x512.jpg 768w, https:\/\/sachgiakho.com\/wp-content\/uploads\/2023\/03\/wood-263802_1920-1536x1024.jpg 1536w, https:\/\/sachgiakho.com\/wp-content\/uploads\/2023\/03\/wood-263802_1920-416x277.jpg 416w\" sizes=\"auto, (max-width: 1920px) 100vw, 1920px\" \/><div class=\"wp-block-cover__inner-container is-layout-flow wp-block-cover-is-layout-flow\">\n<h3 class=\"has-text-align-center has-large-font-size\" style=\"text-align: center;\"><strong><span style=\"color: #800000;\">Ch\u00e0o m\u1eebng \u0111\u1ebfn ti\u1ec7m S\u00e1ch Gi\u00e1 Kho<\/span><\/strong><\/h3>\n\n\n\n<h4 class=\"has-text-color has-text-align-center\"><span style=\"color: #800000;\"><strong>\u0110\u1ec3 t\u00ecm s\u00e1ch b\u1ea5m v\u00e0o m\u1ee5c Ch\u1ecdn s\u00e1ch ho\u1eb7c g\u00f5 t\u00ean s\u00e1ch \u1edf \u00f4 t\u00ecm ki\u1ebfm<\/strong><\/span><\/h4>\n\n\n\n<div class=\"wp-block-buttons is-content-justification-center is-layout-flex wp-container-core-buttons-is-layout-16018d1d wp-block-buttons-is-layout-flex\">\n<div class=\"wp-block-button\"><a class=\"wp-block-button__link wp-element-button\" href=\"https:\/\/sachgiakho.com\/index.php\/shop\/\">Ch\u1ecdn S\u00e1ch<\/a><\/div>\n<\/div>\n<\/div><\/div>\n\n\n\n<h2 class=\"has-text-align-center wp-block-heading\">S\u00e1ch M\u1edbi<\/h2>\n\n\n<div data-block-name=\"woocommerce\/product-new\" class=\"wc-block-grid wp-block-product-new wc-block-product-new has-3-columns has-multiple-rows\"><ul class=\"wc-block-grid__products\"><li class=\"wc-block-grid__product\">\n\t\t\t\t<a href=\"https:\/\/sachgiakho.com\/index.php\/product\/7-thoi-quen-hieu-qua\/\" class=\"wc-block-grid__product-link\">\n\t\t\t\t\t<div class=\"wc-block-grid__product-image\"><img loading=\"lazy\" decoding=\"async\" width=\"324\" height=\"324\" src=\"https:\/\/sachgiakho.com\/wp-content\/uploads\/2023\/07\/img_2347-324x324.jpeg\" class=\"attachment-woocommerce_thumbnail size-woocommerce_thumbnail\" alt=\"7 Th\u00f3i quen hi\u1ec7u qu\u1ea3\" srcset=\"https:\/\/sachgiakho.com\/wp-content\/uploads\/2023\/07\/img_2347-324x324.jpeg 324w, https:\/\/sachgiakho.com\/wp-content\/uploads\/2023\/07\/img_2347-150x150.jpeg 150w, https:\/\/sachgiakho.com\/wp-content\/uploads\/2023\/07\/img_2347-100x100.jpeg 100w\" sizes=\"auto, (max-width: 324px) 100vw, 324px\" \/><\/div>\n\t\t\t\t\t<div class=\"wc-block-grid__product-title\">7 Th\u00f3i quen hi\u1ec7u qu\u1ea3<\/div>\n\t\t\t\t<\/a>\n\t\t\t\t<div class=\"wc-block-grid__product-onsale\">\n\t\t\t<span aria-hidden=\"true\">Sale<\/span>\n\t\t\t<span class=\"screen-reader-text\">Product on sale<\/span>\n\t\t<\/div>\n\t\t\t\t<div class=\"wc-block-grid__product-price price\"><del aria-hidden=\"true\"><span class=\"woocommerce-Price-amount amount\">145.000&nbsp;<span class=\"woocommerce-Price-currencySymbol\">&#8363;<\/span><\/span><\/del> <ins><span class=\"woocommerce-Price-amount amount\">120.000&nbsp;<span class=\"woocommerce-Price-currencySymbol\">&#8363;<\/span><\/span><\/ins><\/div>\n\t\t\t\t\n\t\t\t\t<div class=\"wp-block-button wc-block-grid__product-add-to-cart\"><a href=\"?add-to-cart=197\" aria-label=\"Add &ldquo;7 Th\u00f3i quen hi\u1ec7u qu\u1ea3&rdquo; to your cart\" data-quantity=\"1\" data-product_id=\"197\" data-product_sku=\"\" rel=\"nofollow\" class=\"wp-block-button__link wp-element-button add_to_cart_button ajax_add_to_cart\">Add to cart<\/a><\/div>\n\t\t\t<\/li><li class=\"wc-block-grid__product\">\n\t\t\t\t<a href=\"https:\/\/sachgiakho.com\/index.php\/product\/ren-luyen-tu-duy-phan-bien-ban-moi\/\" class=\"wc-block-grid__product-link\">\n\t\t\t\t\t<div class=\"wc-block-grid__product-image\"><img loading=\"lazy\" decoding=\"async\" width=\"300\" height=\"300\" src=\"https:\/\/sachgiakho.com\/wp-content\/uploads\/2023\/05\/ren-luyen-tu-duy-phan-bien.jpg\" class=\"attachment-woocommerce_thumbnail size-woocommerce_thumbnail\" alt=\"R\u00e8n luy\u1ec7n t\u01b0 duy ph\u1ea3n bi\u1ec7n ( b\u1ea3n m\u1edbi)\" srcset=\"https:\/\/sachgiakho.com\/wp-content\/uploads\/2023\/05\/ren-luyen-tu-duy-phan-bien.jpg 300w, https:\/\/sachgiakho.com\/wp-content\/uploads\/2023\/05\/ren-luyen-tu-duy-phan-bien-150x150.jpg 150w, https:\/\/sachgiakho.com\/wp-content\/uploads\/2023\/05\/ren-luyen-tu-duy-phan-bien-100x100.jpg 100w\" sizes=\"auto, (max-width: 300px) 100vw, 300px\" \/><\/div>\n\t\t\t\t\t<div class=\"wc-block-grid__product-title\">R\u00e8n luy\u1ec7n t\u01b0 duy ph\u1ea3n bi\u1ec7n ( b\u1ea3n m\u1edbi)<\/div>\n\t\t\t\t<\/a>\n\t\t\t\t<div class=\"wc-block-grid__product-onsale\">\n\t\t\t<span aria-hidden=\"true\">Sale<\/span>\n\t\t\t<span class=\"screen-reader-text\">Product on sale<\/span>\n\t\t<\/div>\n\t\t\t\t<div class=\"wc-block-grid__product-price price\"><del aria-hidden=\"true\"><span class=\"woocommerce-Price-amount amount\">99.000&nbsp;<span class=\"woocommerce-Price-currencySymbol\">&#8363;<\/span><\/span><\/del> <ins><span class=\"woocommerce-Price-amount amount\">89.000&nbsp;<span class=\"woocommerce-Price-currencySymbol\">&#8363;<\/span><\/span><\/ins><\/div>\n\t\t\t\t\n\t\t\t\t<div class=\"wp-block-button wc-block-grid__product-add-to-cart\"><a href=\"?add-to-cart=183\" aria-label=\"Add &ldquo;R\u00e8n luy\u1ec7n t\u01b0 duy ph\u1ea3n bi\u1ec7n ( b\u1ea3n m\u1edbi)&rdquo; to your cart\" data-quantity=\"1\" data-product_id=\"183\" data-product_sku=\"\" rel=\"nofollow\" class=\"wp-block-button__link wp-element-button add_to_cart_button ajax_add_to_cart\">Add to cart<\/a><\/div>\n\t\t\t<\/li><li class=\"wc-block-grid__product\">\n\t\t\t\t<a href=\"https:\/\/sachgiakho.com\/index.php\/product\/quang-ganh-lo-di-va-vui-song\/\" class=\"wc-block-grid__product-link\">\n\t\t\t\t\t<div class=\"wc-block-grid__product-image\"><img loading=\"lazy\" decoding=\"async\" width=\"212\" height=\"300\" src=\"https:\/\/sachgiakho.com\/wp-content\/uploads\/2023\/05\/quang-ganh-lo-di-va-vui-song.jpg\" class=\"attachment-woocommerce_thumbnail size-woocommerce_thumbnail\" alt=\"Qu\u1eb3ng g\u00e1nh lo \u0111i v\u00e0 vui s\u1ed1ng (b\u1ea3n m\u1edbi 2023)\" \/><\/div>\n\t\t\t\t\t<div class=\"wc-block-grid__product-title\">Qu\u1eb3ng g\u00e1nh lo \u0111i v\u00e0 vui s\u1ed1ng (b\u1ea3n m\u1edbi 2023)<\/div>\n\t\t\t\t<\/a>\n\t\t\t\t<div class=\"wc-block-grid__product-onsale\">\n\t\t\t<span aria-hidden=\"true\">Sale<\/span>\n\t\t\t<span class=\"screen-reader-text\">Product on sale<\/span>\n\t\t<\/div>\n\t\t\t\t<div class=\"wc-block-grid__product-price price\"><del aria-hidden=\"true\"><span class=\"woocommerce-Price-amount amount\">76.000&nbsp;<span class=\"woocommerce-Price-currencySymbol\">&#8363;<\/span><\/span><\/del> <ins><span class=\"woocommerce-Price-amount amount\">50.000&nbsp;<span class=\"woocommerce-Price-currencySymbol\">&#8363;<\/span><\/span><\/ins><\/div>\n\t\t\t\t\n\t\t\t\t<div class=\"wp-block-button wc-block-grid__product-add-to-cart\"><a href=\"?add-to-cart=181\" aria-label=\"Add &ldquo;Qu\u1eb3ng g\u00e1nh lo \u0111i v\u00e0 vui s\u1ed1ng (b\u1ea3n m\u1edbi 2023)&rdquo; to your cart\" data-quantity=\"1\" data-product_id=\"181\" data-product_sku=\"\" rel=\"nofollow\" class=\"wp-block-button__link wp-element-button add_to_cart_button ajax_add_to_cart\">Add to cart<\/a><\/div>\n\t\t\t<\/li><li class=\"wc-block-grid__product\">\n\t\t\t\t<a href=\"https:\/\/sachgiakho.com\/index.php\/product\/phi-ly-tri\/\" class=\"wc-block-grid__product-link\">\n\t\t\t\t\t<div class=\"wc-block-grid__product-image\"><img loading=\"lazy\" decoding=\"async\" width=\"186\" height=\"300\" src=\"https:\/\/sachgiakho.com\/wp-content\/uploads\/2023\/03\/phi-ly-tri.jpg\" class=\"attachment-woocommerce_thumbnail size-woocommerce_thumbnail\" alt=\"Phi L\u00fd Tr\u00ed\" \/><\/div>\n\t\t\t\t\t<div class=\"wc-block-grid__product-title\">Phi L\u00fd Tr\u00ed<\/div>\n\t\t\t\t<\/a>\n\t\t\t\t<div class=\"wc-block-grid__product-onsale\">\n\t\t\t<span aria-hidden=\"true\">Sale<\/span>\n\t\t\t<span class=\"screen-reader-text\">Product on sale<\/span>\n\t\t<\/div>\n\t\t\t\t<div class=\"wc-block-grid__product-price price\"><del aria-hidden=\"true\"><span class=\"woocommerce-Price-amount amount\">149.000&nbsp;<span class=\"woocommerce-Price-currencySymbol\">&#8363;<\/span><\/span><\/del> <ins><span class=\"woocommerce-Price-amount amount\">90.000&nbsp;<span class=\"woocommerce-Price-currencySymbol\">&#8363;<\/span><\/span><\/ins><\/div>\n\t\t\t\t\n\t\t\t\t<div class=\"wp-block-button wc-block-grid__product-add-to-cart\"><a href=\"?add-to-cart=167\" aria-label=\"Add &ldquo;Phi L\u00fd Tr\u00ed&rdquo; to your cart\" data-quantity=\"1\" data-product_id=\"167\" data-product_sku=\"\" rel=\"nofollow\" class=\"wp-block-button__link wp-element-button add_to_cart_button ajax_add_to_cart\">Add to cart<\/a><\/div>\n\t\t\t<\/li><li class=\"wc-block-grid__product\">\n\t\t\t\t<a href=\"https:\/\/sachgiakho.com\/index.php\/product\/tam-ly-hoc-toi-pham-phac-hoa-chan-dung-ke-pham-toi\/\" class=\"wc-block-grid__product-link\">\n\t\t\t\t\t<div class=\"wc-block-grid__product-image\"><img loading=\"lazy\" decoding=\"async\" width=\"300\" height=\"300\" src=\"https:\/\/sachgiakho.com\/wp-content\/uploads\/2023\/03\/phac-hoa-chan-dung-ke-pham-toi.jpg\" class=\"attachment-woocommerce_thumbnail size-woocommerce_thumbnail\" alt=\"sachgiakho.com\" srcset=\"https:\/\/sachgiakho.com\/wp-content\/uploads\/2023\/03\/phac-hoa-chan-dung-ke-pham-toi.jpg 300w, https:\/\/sachgiakho.com\/wp-content\/uploads\/2023\/03\/phac-hoa-chan-dung-ke-pham-toi-150x150.jpg 150w, https:\/\/sachgiakho.com\/wp-content\/uploads\/2023\/03\/phac-hoa-chan-dung-ke-pham-toi-100x100.jpg 100w\" sizes=\"auto, (max-width: 300px) 100vw, 300px\" \/><\/div>\n\t\t\t\t\t<div class=\"wc-block-grid__product-title\">T\u00e2m l\u00fd h\u1ecdc t\u1ed9i ph\u1ea1m: Ph\u00e1c h\u1ecda ch\u00e2n dung k\u1ebb ph\u1ea1m t\u1ed9i<\/div>\n\t\t\t\t<\/a>\n\t\t\t\t<div class=\"wc-block-grid__product-onsale\">\n\t\t\t<span aria-hidden=\"true\">Sale<\/span>\n\t\t\t<span class=\"screen-reader-text\">Product on sale<\/span>\n\t\t<\/div>\n\t\t\t\t<div class=\"wc-block-grid__product-price price\"><del aria-hidden=\"true\"><span class=\"woocommerce-Price-amount amount\">150.000&nbsp;<span class=\"woocommerce-Price-currencySymbol\">&#8363;<\/span><\/span><\/del> <ins><span class=\"woocommerce-Price-amount amount\">75.000&nbsp;<span class=\"woocommerce-Price-currencySymbol\">&#8363;<\/span><\/span><\/ins><\/div>\n\t\t\t\t\n\t\t\t\t<div class=\"wp-block-button wc-block-grid__product-add-to-cart\"><a href=\"?add-to-cart=164\" aria-label=\"Add &ldquo;T\u00e2m l\u00fd h\u1ecdc t\u1ed9i ph\u1ea1m: Ph\u00e1c h\u1ecda ch\u00e2n dung k\u1ebb ph\u1ea1m t\u1ed9i&rdquo; to your cart\" data-quantity=\"1\" data-product_id=\"164\" data-product_sku=\"\" rel=\"nofollow\" class=\"wp-block-button__link wp-element-button add_to_cart_button ajax_add_to_cart\">Add to cart<\/a><\/div>\n\t\t\t<\/li><li class=\"wc-block-grid__product\">\n\t\t\t\t<a href=\"https:\/\/sachgiakho.com\/index.php\/product\/noi-chuyen-la-ban-nang-giu-mieng-la-tu-duong-im-lang-la-tri-tue\/\" class=\"wc-block-grid__product-link\">\n\t\t\t\t\t<div class=\"wc-block-grid__product-image\"><img loading=\"lazy\" decoding=\"async\" width=\"300\" height=\"300\" src=\"https:\/\/sachgiakho.com\/wp-content\/uploads\/2023\/03\/noi-chuyen-la-ban-nang-im-lang-la-tri-tue.jpg\" class=\"attachment-woocommerce_thumbnail size-woocommerce_thumbnail\" alt=\"s\u00e1ch gi\u00e1 kho\" srcset=\"https:\/\/sachgiakho.com\/wp-content\/uploads\/2023\/03\/noi-chuyen-la-ban-nang-im-lang-la-tri-tue.jpg 300w, https:\/\/sachgiakho.com\/wp-content\/uploads\/2023\/03\/noi-chuyen-la-ban-nang-im-lang-la-tri-tue-150x150.jpg 150w, https:\/\/sachgiakho.com\/wp-content\/uploads\/2023\/03\/noi-chuyen-la-ban-nang-im-lang-la-tri-tue-100x100.jpg 100w\" sizes=\"auto, (max-width: 300px) 100vw, 300px\" \/><\/div>\n\t\t\t\t\t<div class=\"wc-block-grid__product-title\">N\u00f3i Chuy\u1ec7n L\u00e0 B\u1ea3n N\u0103ng, Gi\u1eef Mi\u1ec7ng L\u00e0 Tu D\u01b0\u1ee1ng, Im L\u1eb7ng L\u00e0 Tr\u00ed Tu\u1ec7<\/div>\n\t\t\t\t<\/a>\n\t\t\t\t<div class=\"wc-block-grid__product-onsale\">\n\t\t\t<span aria-hidden=\"true\">Sale<\/span>\n\t\t\t<span class=\"screen-reader-text\">Product on sale<\/span>\n\t\t<\/div>\n\t\t\t\t<div class=\"wc-block-grid__product-price price\"><del aria-hidden=\"true\"><span class=\"woocommerce-Price-amount amount\">159.000&nbsp;<span class=\"woocommerce-Price-currencySymbol\">&#8363;<\/span><\/span><\/del> <ins><span class=\"woocommerce-Price-amount amount\">70.000&nbsp;<span class=\"woocommerce-Price-currencySymbol\">&#8363;<\/span><\/span><\/ins><\/div>\n\t\t\t\t\n\t\t\t\t<div class=\"wp-block-button wc-block-grid__product-add-to-cart\"><a href=\"?add-to-cart=161\" aria-label=\"Add &ldquo;N\u00f3i Chuy\u1ec7n L\u00e0 B\u1ea3n N\u0103ng, Gi\u1eef Mi\u1ec7ng L\u00e0 Tu D\u01b0\u1ee1ng, Im L\u1eb7ng L\u00e0 Tr\u00ed Tu\u1ec7&rdquo; to your cart\" data-quantity=\"1\" data-product_id=\"161\" data-product_sku=\"\" rel=\"nofollow\" class=\"wp-block-button__link wp-element-button add_to_cart_button ajax_add_to_cart\">Add to cart<\/a><\/div>\n\t\t\t<\/li><li class=\"wc-block-grid__product\">\n\t\t\t\t<a href=\"https:\/\/sachgiakho.com\/index.php\/product\/nhung-ke-xuat-chung\/\" class=\"wc-block-grid__product-link\">\n\t\t\t\t\t<div class=\"wc-block-grid__product-image\"><img loading=\"lazy\" decoding=\"async\" width=\"300\" height=\"300\" src=\"https:\/\/sachgiakho.com\/wp-content\/uploads\/2023\/03\/nhung-ke-xuat-chung.jpg\" class=\"attachment-woocommerce_thumbnail size-woocommerce_thumbnail\" alt=\"s\u00e1ch gi\u00e1 kho\" srcset=\"https:\/\/sachgiakho.com\/wp-content\/uploads\/2023\/03\/nhung-ke-xuat-chung.jpg 300w, https:\/\/sachgiakho.com\/wp-content\/uploads\/2023\/03\/nhung-ke-xuat-chung-150x150.jpg 150w, https:\/\/sachgiakho.com\/wp-content\/uploads\/2023\/03\/nhung-ke-xuat-chung-100x100.jpg 100w\" sizes=\"auto, (max-width: 300px) 100vw, 300px\" \/><\/div>\n\t\t\t\t\t<div class=\"wc-block-grid__product-title\">Nh\u1eefng k\u1ebb xu\u1ea5t ch\u00fang<\/div>\n\t\t\t\t<\/a>\n\t\t\t\t<div class=\"wc-block-grid__product-onsale\">\n\t\t\t<span aria-hidden=\"true\">Sale<\/span>\n\t\t\t<span class=\"screen-reader-text\">Product on sale<\/span>\n\t\t<\/div>\n\t\t\t\t<div class=\"wc-block-grid__product-price price\"><del aria-hidden=\"true\"><span class=\"woocommerce-Price-amount amount\">99.000&nbsp;<span class=\"woocommerce-Price-currencySymbol\">&#8363;<\/span><\/span><\/del> <ins><span class=\"woocommerce-Price-amount amount\">65.000&nbsp;<span class=\"woocommerce-Price-currencySymbol\">&#8363;<\/span><\/span><\/ins><\/div>\n\t\t\t\t\n\t\t\t\t<div class=\"wp-block-button wc-block-grid__product-add-to-cart\"><a href=\"?add-to-cart=159\" aria-label=\"Add &ldquo;Nh\u1eefng k\u1ebb xu\u1ea5t ch\u00fang&rdquo; to your cart\" data-quantity=\"1\" data-product_id=\"159\" data-product_sku=\"\" rel=\"nofollow\" class=\"wp-block-button__link wp-element-button add_to_cart_button ajax_add_to_cart\">Add to cart<\/a><\/div>\n\t\t\t<\/li><li class=\"wc-block-grid__product\">\n\t\t\t\t<a href=\"https:\/\/sachgiakho.com\/index.php\/product\/mat-day-tam-den\/\" class=\"wc-block-grid__product-link\">\n\t\t\t\t\t<div class=\"wc-block-grid__product-image\"><img loading=\"lazy\" decoding=\"async\" width=\"300\" height=\"300\" src=\"https:\/\/sachgiakho.com\/wp-content\/uploads\/2023\/03\/mat-day-tam-den.jpg\" class=\"attachment-woocommerce_thumbnail size-woocommerce_thumbnail\" alt=\"s\u00e1ch gi\u00e1 kho\" srcset=\"https:\/\/sachgiakho.com\/wp-content\/uploads\/2023\/03\/mat-day-tam-den.jpg 300w, https:\/\/sachgiakho.com\/wp-content\/uploads\/2023\/03\/mat-day-tam-den-150x150.jpg 150w, https:\/\/sachgiakho.com\/wp-content\/uploads\/2023\/03\/mat-day-tam-den-100x100.jpg 100w\" sizes=\"auto, (max-width: 300px) 100vw, 300px\" \/><\/div>\n\t\t\t\t\t<div class=\"wc-block-grid__product-title\">M\u1eb7t d\u00e0y t\u00e2m \u0111en<\/div>\n\t\t\t\t<\/a>\n\t\t\t\t<div class=\"wc-block-grid__product-onsale\">\n\t\t\t<span aria-hidden=\"true\">Sale<\/span>\n\t\t\t<span class=\"screen-reader-text\">Product on sale<\/span>\n\t\t<\/div>\n\t\t\t\t<div class=\"wc-block-grid__product-price price\"><del aria-hidden=\"true\"><span class=\"woocommerce-Price-amount amount\">120.000&nbsp;<span class=\"woocommerce-Price-currencySymbol\">&#8363;<\/span><\/span><\/del> <ins><span class=\"woocommerce-Price-amount amount\">55.000&nbsp;<span class=\"woocommerce-Price-currencySymbol\">&#8363;<\/span><\/span><\/ins><\/div>\n\t\t\t\t\n\t\t\t\t<div class=\"wp-block-button wc-block-grid__product-add-to-cart\"><a href=\"?add-to-cart=155\" aria-label=\"Add &ldquo;M\u1eb7t d\u00e0y t\u00e2m \u0111en&rdquo; to your cart\" data-quantity=\"1\" data-product_id=\"155\" data-product_sku=\"\" rel=\"nofollow\" class=\"wp-block-button__link wp-element-button add_to_cart_button ajax_add_to_cart\">Add to cart<\/a><\/div>\n\t\t\t<\/li><li class=\"wc-block-grid__product\">\n\t\t\t\t<a href=\"https:\/\/sachgiakho.com\/index.php\/product\/mac-ke-thien-ha-song-nhu-nguoi-nhat\/\" class=\"wc-block-grid__product-link\">\n\t\t\t\t\t<div class=\"wc-block-grid__product-image\"><img loading=\"lazy\" decoding=\"async\" width=\"300\" height=\"300\" src=\"https:\/\/sachgiakho.com\/wp-content\/uploads\/2023\/03\/mac-ke-thien-ha-song-nhu-nguoi-nhat.jpg\" class=\"attachment-woocommerce_thumbnail size-woocommerce_thumbnail\" alt=\"sachgiakho\" srcset=\"https:\/\/sachgiakho.com\/wp-content\/uploads\/2023\/03\/mac-ke-thien-ha-song-nhu-nguoi-nhat.jpg 300w, https:\/\/sachgiakho.com\/wp-content\/uploads\/2023\/03\/mac-ke-thien-ha-song-nhu-nguoi-nhat-150x150.jpg 150w, https:\/\/sachgiakho.com\/wp-content\/uploads\/2023\/03\/mac-ke-thien-ha-song-nhu-nguoi-nhat-100x100.jpg 100w\" sizes=\"auto, (max-width: 300px) 100vw, 300px\" \/><\/div>\n\t\t\t\t\t<div class=\"wc-block-grid__product-title\">M\u1eb7c k\u1ec7 thi\u00ean h\u1ea1 s\u1ed1ng nh\u01b0 ng\u01b0\u1eddi Nh\u1eadt<\/div>\n\t\t\t\t<\/a>\n\t\t\t\t<div class=\"wc-block-grid__product-onsale\">\n\t\t\t<span aria-hidden=\"true\">Sale<\/span>\n\t\t\t<span class=\"screen-reader-text\">Product on sale<\/span>\n\t\t<\/div>\n\t\t\t\t<div class=\"wc-block-grid__product-price price\"><del aria-hidden=\"true\"><span class=\"woocommerce-Price-amount amount\">79.000&nbsp;<span class=\"woocommerce-Price-currencySymbol\">&#8363;<\/span><\/span><\/del> <ins><span class=\"woocommerce-Price-amount amount\">49.000&nbsp;<span class=\"woocommerce-Price-currencySymbol\">&#8363;<\/span><\/span><\/ins><\/div>\n\t\t\t\t\n\t\t\t\t<div class=\"wp-block-button wc-block-grid__product-add-to-cart\"><a href=\"?add-to-cart=153\" aria-label=\"Add &ldquo;M\u1eb7c k\u1ec7 thi\u00ean h\u1ea1 s\u1ed1ng nh\u01b0 ng\u01b0\u1eddi Nh\u1eadt&rdquo; to your cart\" data-quantity=\"1\" data-product_id=\"153\" data-product_sku=\"\" rel=\"nofollow\" class=\"wp-block-button__link wp-element-button add_to_cart_button ajax_add_to_cart\">Add to cart<\/a><\/div>\n\t\t\t<\/li><\/ul><\/div>\n\n\n<div class=\"wp-block-media-text alignwide has-media-on-the-right\"\"><figure class=\"wp-block-media-text__media\"><img loading=\"lazy\" decoding=\"async\" width=\"1920\" height=\"1280\" src=\"https:\/\/sachgiakho.com\/wp-content\/uploads\/2023\/02\/other-small.jpg\" alt=\"\" class=\"wp-image-25\" srcset=\"https:\/\/sachgiakho.com\/wp-content\/uploads\/2023\/02\/other-small.jpg 1920w, https:\/\/sachgiakho.com\/wp-content\/uploads\/2023\/02\/other-small-416x277.jpg 416w, https:\/\/sachgiakho.com\/wp-content\/uploads\/2023\/02\/other-small-300x200.jpg 300w, https:\/\/sachgiakho.com\/wp-content\/uploads\/2023\/02\/other-small-1024x683.jpg 1024w, https:\/\/sachgiakho.com\/wp-content\/uploads\/2023\/02\/other-small-768x512.jpg 768w, https:\/\/sachgiakho.com\/wp-content\/uploads\/2023\/02\/other-small-1536x1024.jpg 1536w\" sizes=\"auto, (max-width: 1920px) 100vw, 1920px\" \/><\/figure><div class=\"wp-block-media-text__content\">\n\n<p class=\"has-large-font-size\"><\/p>\n\n<\/div><\/div>\n\n\n\n<div class=\"wp-block-media-text alignwide\"\"><figure class=\"wp-block-media-text__media\"><img loading=\"lazy\" decoding=\"async\" width=\"1920\" height=\"1280\" src=\"https:\/\/sachgiakho.com\/wp-content\/uploads\/2023\/02\/other-small.jpg\" alt=\"\" class=\"wp-image-25\" srcset=\"https:\/\/sachgiakho.com\/wp-content\/uploads\/2023\/02\/other-small.jpg 1920w, https:\/\/sachgiakho.com\/wp-content\/uploads\/2023\/02\/other-small-416x277.jpg 416w, https:\/\/sachgiakho.com\/wp-content\/uploads\/2023\/02\/other-small-300x200.jpg 300w, https:\/\/sachgiakho.com\/wp-content\/uploads\/2023\/02\/other-small-1024x683.jpg 1024w, https:\/\/sachgiakho.com\/wp-content\/uploads\/2023\/02\/other-small-768x512.jpg 768w, https:\/\/sachgiakho.com\/wp-content\/uploads\/2023\/02\/other-small-1536x1024.jpg 1536w\" sizes=\"auto, (max-width: 1920px) 100vw, 1920px\" \/><\/figure><div class=\"wp-block-media-text__content\">\n\n<p class=\"has-large-font-size\"><\/p>\n\n<\/div><\/div>\n\n\n\n<div class=\"wp-block-media-text alignwide has-media-on-the-right\"\"><figure class=\"wp-block-media-text__media\"><img loading=\"lazy\" decoding=\"async\" width=\"1920\" height=\"1280\" src=\"https:\/\/sachgiakho.com\/wp-content\/uploads\/2023\/02\/other-small.jpg\" alt=\"\" class=\"wp-image-25\" srcset=\"https:\/\/sachgiakho.com\/wp-content\/uploads\/2023\/02\/other-small.jpg 1920w, https:\/\/sachgiakho.com\/wp-content\/uploads\/2023\/02\/other-small-416x277.jpg 416w, https:\/\/sachgiakho.com\/wp-content\/uploads\/2023\/02\/other-small-300x200.jpg 300w, https:\/\/sachgiakho.com\/wp-content\/uploads\/2023\/02\/other-small-1024x683.jpg 1024w, https:\/\/sachgiakho.com\/wp-content\/uploads\/2023\/02\/other-small-768x512.jpg 768w, https:\/\/sachgiakho.com\/wp-content\/uploads\/2023\/02\/other-small-1536x1024.jpg 1536w\" sizes=\"auto, (max-width: 1920px) 100vw, 1920px\" \/><\/figure><div class=\"wp-block-media-text__content\">\n\n<p class=\"has-large-font-size\"><\/p>\n\n<\/div><\/div>\n\n\n","protected":false},"excerpt":{"rendered":"<p>S\u00e1ch M\u1edbi<\/p>\n","protected":false},"author":1,"featured_media":0,"parent":0,"menu_order":0,"comment_status":"open","ping_status":"closed","template":"template-fullwidth.php","meta":{"footnotes":""},"class_list":["post-24","page","type-page","status-publish","hentry"],"_links":{"self":[{"href":"https:\/\/sachgiakho.com\/index.php\/wp-json\/wp\/v2\/pages\/24","targetHints":{"allow":["GET"]}}],"collection":[{"href":"https:\/\/sachgiakho.com\/index.php\/wp-json\/wp\/v2\/pages"}],"about":[{"href":"https:\/\/sachgiakho.com\/index.php\/wp-json\/wp\/v2\/types\/page"}],"author":[{"embeddable":true,"href":"https:\/\/sachgiakho.com\/index.php\/wp-json\/wp\/v2\/users\/1"}],"replies":[{"embeddable":true,"href":"https:\/\/sachgiakho.com\/index.php\/wp-json\/wp\/v2\/comments?post=24"}],"version-history":[{"count":9,"href":"https:\/\/sachgiakho.com\/index.php\/wp-json\/wp\/v2\/pages\/24\/revisions"}],"predecessor-version":[{"id":144,"href":"https:\/\/sachgiakho.com\/index.php\/wp-json\/wp\/v2\/pages\/24\/revisions\/144"}],"wp:attachment":[{"href":"https:\/\/sachgiakho.com\/index.php\/wp-json\/wp\/v2\/media?parent=24"}],"curies":[{"name":"wp","href":"https:\/\/api.w.org\/{rel}","templated":true}]}}